{"id":7701,"date":"2022-06-22T22:57:54","date_gmt":"2022-06-22T21:57:54","guid":{"rendered":"https:\/\/ltg-academy.ch\/product\/ausbildung-zur-fuhrungskraft-asfc\/"},"modified":"2022-06-22T22:57:54","modified_gmt":"2022-06-22T21:57:54","slug":"ausbildung-fur-fuhrerschaft","status":"publish","type":"product","link":"https:\/\/ltg-academy.ch\/de\/produkt\/ausbildung-fur-fuhrerschaft\/","title":{"rendered":"Ausbildung zur F\u00fchrungskraft ASFC"},"content":{"rendered":"<p><strong>Ausbildung zur F\u00fchrungskraft &#8211; wird zu 50 % vom Bund erstattet<\/strong><\/p>\n<div class=\"mkdf-separator-holder clearfix  mkdf-separator-center mkdf-separator-transparent\">\n\t<div class=\"mkdf-separator\" ><\/div>\n<\/div>\n\n<p><span style=\"color: #000000;\">Modulare Ausbildung in franz\u00f6sischer Sprache<\/span><\/p>\n<div class=\"mkdf-separator-holder clearfix  mkdf-separator-center mkdf-separator-transparent\">\n\t<div class=\"mkdf-separator\" ><\/div>\n<\/div>\n\n<div class=\"_3q1tn\" data-hook=\"title-container\">\n<h3 data-hook=\"title\"><span style=\"color: #ff0000;\">Online-Reservieren<\/span><\/h3>\n<div class=\"mkdf-separator-holder clearfix  mkdf-separator-center mkdf-separator-transparent\">\n\t<div class=\"mkdf-separator\" ><\/div>\n<\/div>\n\n<\/div>\n<div>\n<div class=\"ikI9Q\" data-hook=\"data\">\n<div class=\"_1eQE1\" data-hook=\"name\"><span style=\"color: #000000;\">Ausbildung im Bereich Leadership<\/span> &#8211; kompetente Ausbildung <a href=\"https:\/\/alice.ch\/en\/services\/eduqua\/\"><br \/>\n  <span style=\"color: #ff0000;\">EduQua <\/span><br \/>\n<\/a> <\/div>\n<div data-hook=\"name\"><div class=\"mkdf-separator-holder clearfix  mkdf-separator-center mkdf-separator-transparent\">\n\t<div class=\"mkdf-separator\" ><\/div>\n<\/div>\n<\/div>\n<div data-hook=\"name\"><\/div>\n<div class=\"_2u1Io lddYb \" data-hook=\"root\">\n<div class=\"_1NIFQ\" data-hook=\"first-quantity\"><strong>CHF 4&#8217;900.-<\/strong><\/div>\n<div data-hook=\"first-quantity\"><div class=\"mkdf-separator-holder clearfix  mkdf-separator-center mkdf-separator-transparent\">\n\t<div class=\"mkdf-separator\" ><\/div>\n<\/div>\n<\/div>\n<div data-hook=\"first-quantity\">\n<hr>\n<\/div>\n<div data-hook=\"first-quantity\"><\/div>\n<\/div>\n<\/div>\n<div data-hook=\"first-quantity\">\n<div data-hook=\"dates-range\"><div class=\"mkdf-separator-holder clearfix  mkdf-separator-center mkdf-separator-transparent\">\n\t<div class=\"mkdf-separator\" ><\/div>\n<\/div>\n<\/div>\n<div data-hook=\"dates-range\"><span style=\"color: #000000;\">Diese Ausbildung findet einmal pro Jahr oder auf Anfrage f\u00fcr die Gruppen statt.<\/span><\/div>\n<div data-hook=\"dates-range\"><\/div>\n<div data-hook=\"dates-range\"><span style=\"color: #000000;\"><div class=\"mkdf-separator-holder clearfix  mkdf-separator-center mkdf-separator-transparent\">\n\t<div class=\"mkdf-separator\" ><\/div>\n<\/div>\n<\/span><\/div>\n<div data-hook=\"dates-range\"><strong><span style=\"color: #000000;\">Apr\u00e8s avoir pass\u00e9 l&#8217;exam, vous recevrez le certificat de leadership ASFC &#8211; reconnu par la conf\u00e9d\u00e9ration suisse.<\/span><\/strong><\/div>\n<div data-hook=\"dates-range\">\n<div data-hook=\"first-quantity\"><div class=\"mkdf-separator-holder clearfix  mkdf-separator-center mkdf-separator-transparent\">\n\t<div class=\"mkdf-separator\" ><\/div>\n<\/div>\n<\/div>\n<div data-hook=\"first-quantity\"><\/div>\n<\/div>\n<div data-hook=\"course-frequency-title\"><span style=\"color: #000000;\">Eine Ausbildung, die es Ihnen erm\u00f6glicht, Ihre F\u00fchrungskompetenzen weiterzuentwickeln und Ihnen die Grundlagen f\u00fcr eine erfolgreiche Arbeit in diesem Bereich zu vermitteln.<\/span><\/div>\n<div data-hook=\"course-frequency-title\">\n<div data-hook=\"first-quantity\"><div class=\"mkdf-separator-holder clearfix  mkdf-separator-center mkdf-separator-transparent\">\n\t<div class=\"mkdf-separator\" ><\/div>\n<\/div>\n<\/div>\n<div data-hook=\"first-quantity\"><\/div>\n<\/div>\n<div data-hook=\"course-frequency-title\"><strong><span style=\"color: #000000;\">\u00d6ffentlichkeit cibl\u00e9:<\/span><\/strong><\/div>\n<div data-hook=\"course-frequency-title\"><div class=\"mkdf-separator-holder clearfix  mkdf-separator-center mkdf-separator-transparent\">\n\t<div class=\"mkdf-separator\" ><\/div>\n<\/div>\n<\/div>\n<\/div>\n<div data-hook=\"course-frequency-title\">Jede Person, die in verschiedenen T\u00e4tigkeitsbereichen als F\u00fchrungskraft t\u00e4tig ist oder t\u00e4tig werden m\u00f6chte und \/ oder entsprechende Managementkompetenzen erwerben m\u00f6chte.<\/div>\n<div data-hook=\"first-quantity\">\n<div data-hook=\"course-frequency-title\">\n<div data-hook=\"first-quantity\"><div class=\"mkdf-separator-holder clearfix  mkdf-separator-center mkdf-separator-transparent\">\n\t<div class=\"mkdf-separator\" ><\/div>\n<\/div>\n<\/div>\n<div data-hook=\"first-quantity\"><\/div>\n<\/div>\n<\/div>\n<div data-hook=\"course-frequency-title\"><span style=\"color: #000000;\">Das gesamte Material ist im Preis inbegriffen.<\/span><\/div>\n<div data-hook=\"course-frequency-title\"><div class=\"mkdf-separator-holder clearfix  mkdf-separator-center mkdf-separator-transparent\">\n\t<div class=\"mkdf-separator\" ><\/div>\n<\/div>\n<\/div>\n<\/div>\n<hr>\n<div class=\"mkdf-separator-holder clearfix  mkdf-separator-center mkdf-separator-transparent\">\n\t<div class=\"mkdf-separator\" ><\/div>\n<\/div>\n\n<p><span style=\"color: #000000;\">Im Rahmen dieser Ausbildung werden 8 Module behandelt:<\/span><\/p>\n<div class=\"mkdf-separator-holder clearfix  mkdf-separator-center mkdf-separator-transparent\">\n\t<div class=\"mkdf-separator\" ><\/div>\n<\/div>\n\n<ul>\n<li>Selbsterkenntnis<\/li>\n<li>Kommunikation du Manager<\/li>\n<li>Leitung der Mannschaft<\/li>\n<li>Personalverwaltung<\/li>\n<li>Konfliktbew\u00e4ltigung<\/li>\n<li>Bew\u00e4hrungshilfe in der \u00d6ffentlichkeit<\/li>\n<li>F\u00fchrung durch Parolen<\/li>\n<li>Die Vision der F\u00fchrungskraft<br \/>\n<div class=\"mkdf-separator-holder clearfix  mkdf-separator-center mkdf-separator-transparent\">\n\t<div class=\"mkdf-separator\" ><\/div>\n<\/div>\n<\/li>\n<\/ul>\n<hr>\n<div class=\"mkdf-separator-holder clearfix  mkdf-separator-center mkdf-separator-transparent\">\n\t<div class=\"mkdf-separator\" ><\/div>\n<\/div>\n\n<p>Nutzen Sie Ihre Chancen auf Erfolg an Ihrer Seite!<\/p>\n<p>&nbsp;<\/p>\n<div class=\"mkdf-separator-holder clearfix  mkdf-separator-center mkdf-separator-transparent\">\n\t<div class=\"mkdf-separator\" ><\/div>\n<\/div>\n\n<p><strong>Datum der Er\u00f6ffnung: 5 Octobre, 2022, in Lausanne  <\/strong><\/p>\n<p>148 Perioden<\/p>\n<div class=\"mkdf-separator-holder clearfix  mkdf-separator-center mkdf-separator-transparent\">\n\t<div class=\"mkdf-separator\" ><\/div>\n<\/div>\n\n<p>Alle Informationen zu den Kursen werden Ihnen per E-Mail zugesandt.<\/p>\n<div class=\"mkdf-separator-holder clearfix  mkdf-separator-center mkdf-separator-transparent\">\n\t<div class=\"mkdf-separator\" ><\/div>\n<\/div>\n\n<p><img loading=\"lazy\" decoding=\"async\" class=\"size-medium wp-image-5353 aligncenter\" src=\"https:\/\/ltg-academy.ch\/wp-content\/uploads\/2022\/04\/eduqua_logo_notxt_mit_Schutzraum_cmyk-300x134.jpeg\" alt=\"\" width=\"300\" height=\"134\" srcset=\"https:\/\/ltg-academy.ch\/wp-content\/uploads\/2022\/04\/eduqua_logo_notxt_mit_Schutzraum_cmyk-300x134.jpeg 300w, https:\/\/ltg-academy.ch\/wp-content\/uploads\/2022\/04\/eduqua_logo_notxt_mit_Schutzraum_cmyk-1024x456.jpeg 1024w, https:\/\/ltg-academy.ch\/wp-content\/uploads\/2022\/04\/eduqua_logo_notxt_mit_Schutzraum_cmyk-768x342.jpeg 768w, https:\/\/ltg-academy.ch\/wp-content\/uploads\/2022\/04\/eduqua_logo_notxt_mit_Schutzraum_cmyk-1536x684.jpeg 1536w, https:\/\/ltg-academy.ch\/wp-content\/uploads\/2022\/04\/eduqua_logo_notxt_mit_Schutzraum_cmyk-600x267.jpeg 600w, https:\/\/ltg-academy.ch\/wp-content\/uploads\/2022\/04\/eduqua_logo_notxt_mit_Schutzraum_cmyk.jpeg 1916w\" sizes=\"auto, (max-width: 300px) 100vw, 300px\" \/><\/p>\n<h6>*Dieser Kurs kann nicht online gezahlt werden. Wenn Sie an diesem Kurs interessiert sind, wenden Sie sich an unsere Mitarbeiter, um mehr \u00fcber die Zahlungsmodalit\u00e4ten zu erfahren.<\/h6>\n<p>&nbsp;<\/p>\n<p><span style=\"color: #000000;\"><strong>LTG Academy bietet die besten Ausbildungen zu den g\u00fcnstigsten Preisen an.<\/strong><\/span><\/p>\n","protected":false},"excerpt":{"rendered":"<p>Ausbildung zur F\u00fchrungskraft &#8211; wird zu 50 % vom Bund erstattet Modulare Ausbildung in franz\u00f6sischer Sprache Online-Reservieren Ausbildung im Bereich Leadership &#8211; kompetente Ausbildung EduQua CHF 4&#8217;900.- Diese Ausbildung findet einmal pro Jahr oder auf Anfrage f\u00fcr die Gruppen statt. Apr\u00e8s avoir pass\u00e9 l&#8217;exam, vous&#8230;<\/p>\n","protected":false},"featured_media":6971,"template":"","meta":{"_price":"4900","_stock":"","_tribe_ticket_header":"","_tribe_default_ticket_provider":"","_tribe_ticket_capacity":"0","_ticket_start_date":"","_ticket_end_date":"","_tribe_ticket_show_description":"","_tribe_ticket_show_not_going":false,"_tribe_ticket_use_global_stock":"","_tribe_ticket_global_stock_level":"","_global_stock_mode":"","_global_stock_cap":"","_tribe_rsvp_for_event":"","_tribe_ticket_going_count":"","_tribe_ticket_not_going_count":"","_tribe_tickets_list":"[]","_tribe_ticket_has_attendee_info_fields":false},"product_brand":[],"product_cat":[254],"product_tag":[],"class_list":{"0":"post-7701","1":"product","2":"type-product","3":"status-publish","4":"has-post-thumbnail","6":"product_cat-geschaft","8":"first","9":"instock","10":"shipping-taxable","11":"purchasable","12":"product-type-simple"},"_links":{"self":[{"href":"https:\/\/ltg-academy.ch\/de\/wp-json\/wp\/v2\/product\/7701","targetHints":{"allow":["GET"]}}],"collection":[{"href":"https:\/\/ltg-academy.ch\/de\/wp-json\/wp\/v2\/product"}],"about":[{"href":"https:\/\/ltg-academy.ch\/de\/wp-json\/wp\/v2\/types\/product"}],"wp:featuredmedia":[{"embeddable":true,"href":"https:\/\/ltg-academy.ch\/de\/wp-json\/wp\/v2\/media\/6971"}],"wp:attachment":[{"href":"https:\/\/ltg-academy.ch\/de\/wp-json\/wp\/v2\/media?parent=7701"}],"wp:term":[{"taxonomy":"product_brand","embeddable":true,"href":"https:\/\/ltg-academy.ch\/de\/wp-json\/wp\/v2\/product_brand?post=7701"},{"taxonomy":"product_cat","embeddable":true,"href":"https:\/\/ltg-academy.ch\/de\/wp-json\/wp\/v2\/product_cat?post=7701"},{"taxonomy":"product_tag","embeddable":true,"href":"https:\/\/ltg-academy.ch\/de\/wp-json\/wp\/v2\/product_tag?post=7701"}],"curies":[{"name":"wp","href":"https:\/\/api.w.org\/{rel}","templated":true}]}}

Ausbildung zur Führungskraft ASFC

<p><strong>Ausbildung zur Führungskraft &#8211; wird zu 50 % vom Bund erstattet</strong></p>
<div class="mkdf-separator-holder clearfix  mkdf-separator-center mkdf-separator-transparent">
	<div class="mkdf-separator" ></div>
</div>

<p><span style="color: #000000;">Modulare Ausbildung in französischer Sprache</span></p>
<div class="mkdf-separator-holder clearfix  mkdf-separator-center mkdf-separator-transparent">
	<div class="mkdf-separator" ></div>
</div>

<div class="_3q1tn" data-hook="title-container">
<h3 data-hook="title"><span style="color: #ff0000;">Online-Reservieren</span></h3>
<div class="mkdf-separator-holder clearfix  mkdf-separator-center mkdf-separator-transparent">
	<div class="mkdf-separator" ></div>
</div>

</div>
<div>
<div class="ikI9Q" data-hook="data">
<div class="_1eQE1" data-hook="name"><span style="color: #000000;">Ausbildung im Bereich Leadership</span> &#8211; kompetente Ausbildung <a href="https://alice.ch/en/services/eduqua/"><br />
  <span style="color: #ff0000;">EduQua </span><br />
</a> </div>
<div data-hook="name"><div class="mkdf-separator-holder clearfix  mkdf-separator-center mkdf-separator-transparent">
	<div class="mkdf-separator" ></div>
</div>
</div>
<div data-hook="name"></div>
<div class="_2u1Io lddYb " data-hook="root">
<div class="_1NIFQ" data-hook="first-quantity"><strong>CHF 4&#8217;900.-</strong></div>
<div data-hook="first-quantity"><div class="mkdf-separator-holder clearfix  mkdf-separator-center mkdf-separator-transparent">
	<div class="mkdf-separator" ></div>
</div>
</div>
<div data-hook="first-quantity">
<hr>
</div>
<div data-hook="first-quantity"></div>
</div>
</div>
<div data-hook="first-quantity">
<div data-hook="dates-range"><div class="mkdf-separator-holder clearfix  mkdf-separator-center mkdf-separator-transparent">
	<div class="mkdf-separator" ></div>
</div>
</div>
<div data-hook="dates-range"><span style="color: #000000;">Diese Ausbildung findet einmal pro Jahr oder auf Anfrage für die Gruppen statt.</span></div>
<div data-hook="dates-range"></div>
<div data-hook="dates-range"><span style="color: #000000;"><div class="mkdf-separator-holder clearfix  mkdf-separator-center mkdf-separator-transparent">
	<div class="mkdf-separator" ></div>
</div>
</span></div>
<div data-hook="dates-range"><strong><span style="color: #000000;">Après avoir passé l&#8217;exam, vous recevrez le certificat de leadership ASFC &#8211; reconnu par la confédération suisse.</span></strong></div>
<div data-hook="dates-range">
<div data-hook="first-quantity"><div class="mkdf-separator-holder clearfix  mkdf-separator-center mkdf-separator-transparent">
	<div class="mkdf-separator" ></div>
</div>
</div>
<div data-hook="first-quantity"></div>
</div>
<div data-hook="course-frequency-title"><span style="color: #000000;">Eine Ausbildung, die es Ihnen ermöglicht, Ihre Führungskompetenzen weiterzuentwickeln und Ihnen die Grundlagen für eine erfolgreiche Arbeit in diesem Bereich zu vermitteln.</span></div>
<div data-hook="course-frequency-title">
<div data-hook="first-quantity"><div class="mkdf-separator-holder clearfix  mkdf-separator-center mkdf-separator-transparent">
	<div class="mkdf-separator" ></div>
</div>
</div>
<div data-hook="first-quantity"></div>
</div>
<div data-hook="course-frequency-title"><strong><span style="color: #000000;">Öffentlichkeit ciblé:</span></strong></div>
<div data-hook="course-frequency-title"><div class="mkdf-separator-holder clearfix  mkdf-separator-center mkdf-separator-transparent">
	<div class="mkdf-separator" ></div>
</div>
</div>
</div>
<div data-hook="course-frequency-title">Jede Person, die in verschiedenen Tätigkeitsbereichen als Führungskraft tätig ist oder tätig werden möchte und / oder entsprechende Managementkompetenzen erwerben möchte.</div>
<div data-hook="first-quantity">
<div data-hook="course-frequency-title">
<div data-hook="first-quantity"><div class="mkdf-separator-holder clearfix  mkdf-separator-center mkdf-separator-transparent">
	<div class="mkdf-separator" ></div>
</div>
</div>
<div data-hook="first-quantity"></div>
</div>
</div>
<div data-hook="course-frequency-title"><span style="color: #000000;">Das gesamte Material ist im Preis inbegriffen.</span></div>
<div data-hook="course-frequency-title"><div class="mkdf-separator-holder clearfix  mkdf-separator-center mkdf-separator-transparent">
	<div class="mkdf-separator" ></div>
</div>
</div>
</div>
<hr>
<div class="mkdf-separator-holder clearfix  mkdf-separator-center mkdf-separator-transparent">
	<div class="mkdf-separator" ></div>
</div>

<p><span style="color: #000000;">Im Rahmen dieser Ausbildung werden 8 Module behandelt:</span></p>
<div class="mkdf-separator-holder clearfix  mkdf-separator-center mkdf-separator-transparent">
	<div class="mkdf-separator" ></div>
</div>

<ul>
<li>Selbsterkenntnis</li>
<li>Kommunikation du Manager</li>
<li>Leitung der Mannschaft</li>
<li>Personalverwaltung</li>
<li>Konfliktbewältigung</li>
<li>Bewährungshilfe in der Öffentlichkeit</li>
<li>Führung durch Parolen</li>
<li>Die Vision der Führungskraft<br />
<div class="mkdf-separator-holder clearfix  mkdf-separator-center mkdf-separator-transparent">
	<div class="mkdf-separator" ></div>
</div>
</li>
</ul>
<hr>
<div class="mkdf-separator-holder clearfix  mkdf-separator-center mkdf-separator-transparent">
	<div class="mkdf-separator" ></div>
</div>

<p>Nutzen Sie Ihre Chancen auf Erfolg an Ihrer Seite!</p>
<p>&nbsp;</p>
<div class="mkdf-separator-holder clearfix  mkdf-separator-center mkdf-separator-transparent">
	<div class="mkdf-separator" ></div>
</div>

<p><strong>Datum der Eröffnung: 5 Octobre, 2022, in Lausanne  </strong></p>
<p>148 Perioden</p>
<div class="mkdf-separator-holder clearfix  mkdf-separator-center mkdf-separator-transparent">
	<div class="mkdf-separator" ></div>
</div>

<p>Alle Informationen zu den Kursen werden Ihnen per E-Mail zugesandt.</p>
<div class="mkdf-separator-holder clearfix  mkdf-separator-center mkdf-separator-transparent">
	<div class="mkdf-separator" ></div>
</div>

<p><img loading="lazy" decoding="async" class="size-medium wp-image-5353 aligncenter" src="https://ltg-academy.ch/wp-content/uploads/2022/04/eduqua_logo_notxt_mit_Schutzraum_cmyk-300x134.jpeg" alt="" width="300" height="134" srcset="https://ltg-academy.ch/wp-content/uploads/2022/04/eduqua_logo_notxt_mit_Schutzraum_cmyk-300x134.jpeg 300w, https://ltg-academy.ch/wp-content/uploads/2022/04/eduqua_logo_notxt_mit_Schutzraum_cmyk-1024x456.jpeg 1024w, https://ltg-academy.ch/wp-content/uploads/2022/04/eduqua_logo_notxt_mit_Schutzraum_cmyk-768x342.jpeg 768w, https://ltg-academy.ch/wp-content/uploads/2022/04/eduqua_logo_notxt_mit_Schutzraum_cmyk-1536x684.jpeg 1536w, https://ltg-academy.ch/wp-content/uploads/2022/04/eduqua_logo_notxt_mit_Schutzraum_cmyk-600x267.jpeg 600w, https://ltg-academy.ch/wp-content/uploads/2022/04/eduqua_logo_notxt_mit_Schutzraum_cmyk.jpeg 1916w" sizes="auto, (max-width: 300px) 100vw, 300px" /></p>
<h6>*Dieser Kurs kann nicht online gezahlt werden. Wenn Sie an diesem Kurs interessiert sind, wenden Sie sich an unsere Mitarbeiter, um mehr über die Zahlungsmodalitäten zu erfahren.</h6>
<p>&nbsp;</p>
<p><span style="color: #000000;"><strong>LTG Academy bietet die besten Ausbildungen zu den günstigsten Preisen an.</strong></span></p>

<p>Ausbildung zur Führungskraft &#8211; wird zu 50 % vom Bund erstattet Modulare Ausbildung in französischer Sprache Online-Reservieren Ausbildung im Bereich Leadership &#8211; kompetente Ausbildung EduQua CHF 4&#8217;900.- Diese Ausbildung findet einmal pro Jahr oder auf Anfrage für die Gruppen statt. Après avoir passé l&#8217;exam, vous&#8230;</p>
