{"id":7723,"date":"2022-03-08T11:06:28","date_gmt":"2022-03-08T10:06:28","guid":{"rendered":"https:\/\/ltg-academy.ch\/product\/3-monatiger-a1-franzosisch-intensivkurs-in-lausanne\/"},"modified":"2022-08-02T15:21:49","modified_gmt":"2022-08-02T14:21:49","slug":"2-monatiger-a1-franzosisch-intensiv-kurs-online","status":"publish","type":"product","link":"https:\/\/ltg-academy.ch\/de\/produkt\/2-monatiger-a1-franzosisch-intensiv-kurs-online\/","title":{"rendered":"2-monatiger A1-Intensivkurs Franz\u00f6sisch Online"},"content":{"rendered":"<p><strong>Franz\u00f6sisch f\u00fcr Anf\u00e4nger!<\/strong><\/p>\n<div class=\"mkdf-separator-holder clearfix  mkdf-separator-center mkdf-separator-transparent\">\n\t<div class=\"mkdf-separator\" ><\/div>\n<\/div>\n\n<p><strong>Beste Qualit\u00e4t und g\u00fcnstiger Preis &#8211; Ja, es ist M\u00d6GLICH!<\/strong><\/p>\n<div class=\"mkdf-separator-holder clearfix  mkdf-separator-center mkdf-separator-transparent\">\n\t<div class=\"mkdf-separator\" ><\/div>\n<\/div>\n\n<p><strong>Erhalten Sie 2 Monate Unterricht zum Preis von einem!<\/strong><\/p>\n<div class=\"mkdf-separator-holder clearfix  mkdf-separator-center mkdf-separator-transparent\">\n\t<div class=\"mkdf-separator\" ><\/div>\n<\/div>\n\n<p>Dieser Kurs richtet sich an Berufst\u00e4tige oder all jene, die aufgrund ihres vollen Terminkalenders lieber von zu Hause aus lernen m\u00f6chten.<\/p>\n<p>&nbsp;<\/p>\n<div class=\"mkdf-separator-holder clearfix  mkdf-separator-center mkdf-separator-transparent\">\n\t<div class=\"mkdf-separator\" ><\/div>\n<\/div>\n\n<p>Lernen Sie die Grundlagen der franz\u00f6sischen Sprache in einer Gruppe von 8-10 Personen mit den besten qualifizierten Trainern &#8211; <strong>live online<\/strong><\/p>\n<div class=\"mkdf-separator-holder clearfix  mkdf-separator-center mkdf-separator-transparent\">\n\t<div class=\"mkdf-separator\" ><\/div>\n<\/div>\n\n<p><strong>NUR IN DIESEM HERBST:<\/strong><br \/>\nVerpassen Sie nicht die Gelegenheit, sich f\u00fcr diesen Kurs anzumelden! Melden Sie sich vor September an und erhalten Sie 2 Monate Unterricht zum Preis von einem!<\/p>\n<div class=\"mkdf-separator-holder clearfix  mkdf-separator-center mkdf-separator-transparent\">\n\t<div class=\"mkdf-separator\" ><\/div>\n<\/div>\n\n<div class=\"_3q1tn\" data-hook=\"title-container\">\n<h3 data-hook=\"title\"><span style=\"color: #ff0000;\">Online buchen<\/span><\/h3>\n<div class=\"mkdf-separator-holder clearfix  mkdf-separator-center mkdf-separator-transparent\">\n\t<div class=\"mkdf-separator\" ><\/div>\n<\/div>\n\n<\/div>\n<div>\n<div class=\"ikI9Q\" data-hook=\"data\">\n<div class=\"_1eQE1\" data-hook=\"name\">2-monatiger A1 Franz\u00f6sisch-Intensivkurs &#8211; <a href=\"https:\/\/alice.ch\/en\/services\/eduqua\/\"><br \/>\n  <span style=\"color: #ff0000;\">EduQua zertifiziert<\/span><br \/>\n<\/a> Sprachkurs<\/div>\n<div data-hook=\"name\"><div class=\"mkdf-separator-holder clearfix  mkdf-separator-center mkdf-separator-transparent\">\n\t<div class=\"mkdf-separator\" ><\/div>\n<\/div>\n<\/div>\n<div data-hook=\"name\"><\/div>\n<div class=\"_2u1Io lddYb \" data-hook=\"root\">\n<div class=\"_1NIFQ\" data-hook=\"first-quantity\"><strong>CHF 699.-<\/strong><\/div>\n<div data-hook=\"first-quantity\"><div class=\"mkdf-separator-holder clearfix  mkdf-separator-center mkdf-separator-transparent\">\n\t<div class=\"mkdf-separator\" ><\/div>\n<\/div>\n<\/div>\n<div data-hook=\"first-quantity\">\n<hr>\n<\/div>\n<div data-hook=\"first-quantity\"><\/div>\n<\/div>\n<\/div>\n<div data-hook=\"first-quantity\">\n<div data-hook=\"dates-range\"><div class=\"mkdf-separator-holder clearfix  mkdf-separator-center mkdf-separator-transparent\">\n\t<div class=\"mkdf-separator\" ><\/div>\n<\/div>\n<\/div>\n<div data-hook=\"dates-range\">Beginnt: <strong>Mittwoch, 21. September 2022<\/strong><\/div>\n<div data-hook=\"dates-range\">Endet: <strong>Mittwoch, 09. November 2022<\/strong><\/div>\n<div data-hook=\"course-frequency-title\">Findet einmal pro Woche statt, insgesamt 8 Sitzungen<\/div>\n<\/div>\n<div data-hook=\"course-frequency-title\"><strong>Alle Materialien sind im Preis inbegriffen.<\/strong><\/div>\n<\/div>\n<div data-hook=\"course-frequency-title\"><\/div>\n<div>\n<div data-hook=\"course-frequency-title\"><div class=\"mkdf-separator-holder clearfix  mkdf-separator-center mkdf-separator-transparent\">\n\t<div class=\"mkdf-separator\" ><\/div>\n<\/div>\n<\/div>\n<div data-hook=\"course-frequency-title\">\n<hr>\n<\/div>\n<\/div>\n<div data-hook=\"course-frequency-title\"><div class=\"mkdf-separator-holder clearfix  mkdf-separator-center mkdf-separator-transparent\">\n\t<div class=\"mkdf-separator\" ><\/div>\n<\/div>\n<\/div>\n<div data-hook=\"course-frequency-title\">Dienstags: 18:00 Uhr &#8211; 20:00 Uhr<\/div>\n<div class=\"mkdf-separator-holder clearfix  mkdf-separator-center mkdf-separator-transparent\">\n\t<div class=\"mkdf-separator\" ><\/div>\n<\/div>\n\n<div data-hook=\"course-frequency-title\"><strong>Dies ist ein Online-Kurs.<\/strong><\/div>\n<div data-hook=\"course-frequency-title\"><div class=\"mkdf-separator-holder clearfix  mkdf-separator-center mkdf-separator-transparent\">\n\t<div class=\"mkdf-separator\" ><\/div>\n<\/div>\n<\/div>\n<div data-hook=\"course-frequency-title\">Nach Abschluss des A1.1-Kurses k\u00f6nnen Sie sich zum gleichen Preis f\u00fcr den A1.2-Kurs anmelden!<\/div>\n<hr>\n<div class=\"mkdf-separator-holder clearfix  mkdf-separator-center mkdf-separator-transparent\">\n\t<div class=\"mkdf-separator\" ><\/div>\n<\/div>\n\n<p>In diesem Kurs werden Sie lernen:<\/p>\n<ul>\n<li>Die Grundlagen des franz\u00f6sischen Wortschatzes und der Grammatik<\/li>\n<li>Stellen Sie sich jemandem vor<\/li>\n<li>Einkaufen gehen<\/li>\n<li>Sprechen Sie \u00fcber verschiedene Aktivit\u00e4ten und Hobbys<\/li>\n<li>Sprechen Sie \u00fcber Ihre Familie und Freunde<\/li>\n<li>Suche nach einer neuen Wohnung, etc.<br \/>\n<div class=\"mkdf-separator-holder clearfix  mkdf-separator-center mkdf-separator-transparent\">\n\t<div class=\"mkdf-separator\" ><\/div>\n<\/div>\n<\/li>\n<\/ul>\n<hr>\n<div class=\"mkdf-separator-holder clearfix  mkdf-separator-center mkdf-separator-transparent\">\n\t<div class=\"mkdf-separator\" ><\/div>\n<\/div>\n\n<p>Am Ende des Kurses erhalten Sie ein <strong>anerkanntes Sprachzertifikat.<\/strong><\/p>\n<h6>*Online bezahlte Kurse k\u00f6nnen nicht storniert werden.<\/h6>\n","protected":false},"excerpt":{"rendered":"<p>Franz\u00f6sisch f\u00fcr Anf\u00e4nger! Beste Qualit\u00e4t und g\u00fcnstiger Preis &#8211; Ja, es ist M\u00d6GLICH! Erhalten Sie 2 Monate Unterricht zum Preis von einem! Dieser Kurs richtet sich an Berufst\u00e4tige oder all jene, die aufgrund ihres vollen Terminkalenders lieber von zu Hause aus lernen m\u00f6chten. &nbsp; Lernen&#8230;<\/p>\n","protected":false},"featured_media":7724,"template":"","meta":{"_price":"880","_stock":null,"_tribe_ticket_header":"","_tribe_default_ticket_provider":"","_tribe_ticket_capacity":"1","_ticket_start_date":"","_ticket_end_date":"","_tribe_ticket_show_description":"","_tribe_ticket_show_not_going":false,"_tribe_ticket_use_global_stock":"","_tribe_ticket_global_stock_level":"","_global_stock_mode":"","_global_stock_cap":"","_tribe_rsvp_for_event":"","_tribe_ticket_going_count":"","_tribe_ticket_not_going_count":"","_tribe_tickets_list":"[]","_tribe_ticket_has_attendee_info_fields":false},"product_brand":[],"product_cat":[256],"product_tag":[],"class_list":{"0":"post-7723","1":"product","2":"type-product","3":"status-publish","4":"has-post-thumbnail","6":"product_cat-gruppenunterricht","8":"first","9":"instock","10":"virtual","11":"purchasable","12":"product-type-simple"},"_links":{"self":[{"href":"https:\/\/ltg-academy.ch\/de\/wp-json\/wp\/v2\/product\/7723","targetHints":{"allow":["GET"]}}],"collection":[{"href":"https:\/\/ltg-academy.ch\/de\/wp-json\/wp\/v2\/product"}],"about":[{"href":"https:\/\/ltg-academy.ch\/de\/wp-json\/wp\/v2\/types\/product"}],"wp:featuredmedia":[{"embeddable":true,"href":"https:\/\/ltg-academy.ch\/de\/wp-json\/wp\/v2\/media\/7724"}],"wp:attachment":[{"href":"https:\/\/ltg-academy.ch\/de\/wp-json\/wp\/v2\/media?parent=7723"}],"wp:term":[{"taxonomy":"product_brand","embeddable":true,"href":"https:\/\/ltg-academy.ch\/de\/wp-json\/wp\/v2\/product_brand?post=7723"},{"taxonomy":"product_cat","embeddable":true,"href":"https:\/\/ltg-academy.ch\/de\/wp-json\/wp\/v2\/product_cat?post=7723"},{"taxonomy":"product_tag","embeddable":true,"href":"https:\/\/ltg-academy.ch\/de\/wp-json\/wp\/v2\/product_tag?post=7723"}],"curies":[{"name":"wp","href":"https:\/\/api.w.org\/{rel}","templated":true}]}}

2-monatiger A1-Intensivkurs Französisch Online

<p><strong>Französisch für Anfänger!</strong></p>
<div class="mkdf-separator-holder clearfix  mkdf-separator-center mkdf-separator-transparent">
	<div class="mkdf-separator" ></div>
</div>

<p><strong>Beste Qualität und günstiger Preis &#8211; Ja, es ist MÖGLICH!</strong></p>
<div class="mkdf-separator-holder clearfix  mkdf-separator-center mkdf-separator-transparent">
	<div class="mkdf-separator" ></div>
</div>

<p><strong>Erhalten Sie 2 Monate Unterricht zum Preis von einem!</strong></p>
<div class="mkdf-separator-holder clearfix  mkdf-separator-center mkdf-separator-transparent">
	<div class="mkdf-separator" ></div>
</div>

<p>Dieser Kurs richtet sich an Berufstätige oder all jene, die aufgrund ihres vollen Terminkalenders lieber von zu Hause aus lernen möchten.</p>
<p>&nbsp;</p>
<div class="mkdf-separator-holder clearfix  mkdf-separator-center mkdf-separator-transparent">
	<div class="mkdf-separator" ></div>
</div>

<p>Lernen Sie die Grundlagen der französischen Sprache in einer Gruppe von 8-10 Personen mit den besten qualifizierten Trainern &#8211; <strong>live online</strong></p>
<div class="mkdf-separator-holder clearfix  mkdf-separator-center mkdf-separator-transparent">
	<div class="mkdf-separator" ></div>
</div>

<p><strong>NUR IN DIESEM HERBST:</strong><br />
Verpassen Sie nicht die Gelegenheit, sich für diesen Kurs anzumelden! Melden Sie sich vor September an und erhalten Sie 2 Monate Unterricht zum Preis von einem!</p>
<div class="mkdf-separator-holder clearfix  mkdf-separator-center mkdf-separator-transparent">
	<div class="mkdf-separator" ></div>
</div>

<div class="_3q1tn" data-hook="title-container">
<h3 data-hook="title"><span style="color: #ff0000;">Online buchen</span></h3>
<div class="mkdf-separator-holder clearfix  mkdf-separator-center mkdf-separator-transparent">
	<div class="mkdf-separator" ></div>
</div>

</div>
<div>
<div class="ikI9Q" data-hook="data">
<div class="_1eQE1" data-hook="name">2-monatiger A1 Französisch-Intensivkurs &#8211; <a href="https://alice.ch/en/services/eduqua/"><br />
  <span style="color: #ff0000;">EduQua zertifiziert</span><br />
</a> Sprachkurs</div>
<div data-hook="name"><div class="mkdf-separator-holder clearfix  mkdf-separator-center mkdf-separator-transparent">
	<div class="mkdf-separator" ></div>
</div>
</div>
<div data-hook="name"></div>
<div class="_2u1Io lddYb " data-hook="root">
<div class="_1NIFQ" data-hook="first-quantity"><strong>CHF 699.-</strong></div>
<div data-hook="first-quantity"><div class="mkdf-separator-holder clearfix  mkdf-separator-center mkdf-separator-transparent">
	<div class="mkdf-separator" ></div>
</div>
</div>
<div data-hook="first-quantity">
<hr>
</div>
<div data-hook="first-quantity"></div>
</div>
</div>
<div data-hook="first-quantity">
<div data-hook="dates-range"><div class="mkdf-separator-holder clearfix  mkdf-separator-center mkdf-separator-transparent">
	<div class="mkdf-separator" ></div>
</div>
</div>
<div data-hook="dates-range">Beginnt: <strong>Mittwoch, 21. September 2022</strong></div>
<div data-hook="dates-range">Endet: <strong>Mittwoch, 09. November 2022</strong></div>
<div data-hook="course-frequency-title">Findet einmal pro Woche statt, insgesamt 8 Sitzungen</div>
</div>
<div data-hook="course-frequency-title"><strong>Alle Materialien sind im Preis inbegriffen.</strong></div>
</div>
<div data-hook="course-frequency-title"></div>
<div>
<div data-hook="course-frequency-title"><div class="mkdf-separator-holder clearfix  mkdf-separator-center mkdf-separator-transparent">
	<div class="mkdf-separator" ></div>
</div>
</div>
<div data-hook="course-frequency-title">
<hr>
</div>
</div>
<div data-hook="course-frequency-title"><div class="mkdf-separator-holder clearfix  mkdf-separator-center mkdf-separator-transparent">
	<div class="mkdf-separator" ></div>
</div>
</div>
<div data-hook="course-frequency-title">Dienstags: 18:00 Uhr &#8211; 20:00 Uhr</div>
<div class="mkdf-separator-holder clearfix  mkdf-separator-center mkdf-separator-transparent">
	<div class="mkdf-separator" ></div>
</div>

<div data-hook="course-frequency-title"><strong>Dies ist ein Online-Kurs.</strong></div>
<div data-hook="course-frequency-title"><div class="mkdf-separator-holder clearfix  mkdf-separator-center mkdf-separator-transparent">
	<div class="mkdf-separator" ></div>
</div>
</div>
<div data-hook="course-frequency-title">Nach Abschluss des A1.1-Kurses können Sie sich zum gleichen Preis für den A1.2-Kurs anmelden!</div>
<hr>
<div class="mkdf-separator-holder clearfix  mkdf-separator-center mkdf-separator-transparent">
	<div class="mkdf-separator" ></div>
</div>

<p>In diesem Kurs werden Sie lernen:</p>
<ul>
<li>Die Grundlagen des französischen Wortschatzes und der Grammatik</li>
<li>Stellen Sie sich jemandem vor</li>
<li>Einkaufen gehen</li>
<li>Sprechen Sie über verschiedene Aktivitäten und Hobbys</li>
<li>Sprechen Sie über Ihre Familie und Freunde</li>
<li>Suche nach einer neuen Wohnung, etc.<br />
<div class="mkdf-separator-holder clearfix  mkdf-separator-center mkdf-separator-transparent">
	<div class="mkdf-separator" ></div>
</div>
</li>
</ul>
<hr>
<div class="mkdf-separator-holder clearfix  mkdf-separator-center mkdf-separator-transparent">
	<div class="mkdf-separator" ></div>
</div>

<p>Am Ende des Kurses erhalten Sie ein <strong>anerkanntes Sprachzertifikat.</strong></p>
<h6>*Online bezahlte Kurse können nicht storniert werden.</h6>

<p>Französisch für Anfänger! Beste Qualität und günstiger Preis &#8211; Ja, es ist MÖGLICH! Erhalten Sie 2 Monate Unterricht zum Preis von einem! Dieser Kurs richtet sich an Berufstätige oder all jene, die aufgrund ihres vollen Terminkalenders lieber von zu Hause aus lernen möchten. &nbsp; Lernen&#8230;</p>
