{"id":7744,"date":"2020-09-02T18:15:46","date_gmt":"2020-09-02T17:15:46","guid":{"rendered":"https:\/\/ltg-academy.ch\/product\/3-monatiger-a1-franzosisch-intensivkurs-in-genf\/"},"modified":"2023-10-24T12:49:15","modified_gmt":"2023-10-24T11:49:15","slug":"3-monatiger-a1-franzosisch-intensiv-kurs","status":"publish","type":"product","link":"https:\/\/ltg-academy.ch\/de\/produkt\/3-monatiger-a1-franzosisch-intensiv-kurs\/","title":{"rendered":"3-monatiger A1 Franz\u00f6sisch-Intensivkurs in Genf"},"content":{"rendered":"<p><strong>Franz\u00f6sisch f\u00fcr Anf\u00e4nger!<\/strong><\/p>\n<div class=\"mkdf-separator-holder clearfix  mkdf-separator-center mkdf-separator-transparent\">\n\t<div class=\"mkdf-separator\" ><\/div>\n<\/div>\n\n<p>Lernen Sie die Grundlagen der franz\u00f6sischen Sprache in einer Gruppe von 3-7 Personen mit qualifizierten FSEA-Trainern.<\/p>\n<div class=\"mkdf-separator-holder clearfix  mkdf-separator-center mkdf-separator-transparent\">\n\t<div class=\"mkdf-separator\" ><\/div>\n<\/div>\n\n<div class=\"_3q1tn\" data-hook=\"title-container\">\n<h3 data-hook=\"title\"><span style=\"color: #ff0000;\">Online buchen<\/span><\/h3>\n<div class=\"mkdf-separator-holder clearfix  mkdf-separator-center mkdf-separator-transparent\">\n\t<div class=\"mkdf-separator\" ><\/div>\n<\/div>\n\n<\/div>\n<div>\n<div class=\"ikI9Q\" data-hook=\"data\">\n<div class=\"_1eQE1\" data-hook=\"name\">3-monatiger A1 Franz\u00f6sisch-Intensivkurs &#8211; <a href=\"https:\/\/alice.ch\/en\/services\/eduqua\/\"><br \/>\n  <span style=\"color: #ff0000;\">EduQua zertifiziert<\/span><br \/>\n<\/a> Einrichtung<\/div>\n<div data-hook=\"name\"><div class=\"mkdf-separator-holder clearfix  mkdf-separator-center mkdf-separator-transparent\">\n\t<div class=\"mkdf-separator\" ><\/div>\n<\/div>\n<\/div>\n<div data-hook=\"name\"><\/div>\n<div class=\"_2u1Io lddYb \" data-hook=\"root\">\n<div class=\"_1NIFQ\" data-hook=\"first-quantity\"><strong>CHF 699.-<\/strong><\/div>\n<div data-hook=\"first-quantity\"><div class=\"mkdf-separator-holder clearfix  mkdf-separator-center mkdf-separator-transparent\">\n\t<div class=\"mkdf-separator\" ><\/div>\n<\/div>\n<\/div>\n<div data-hook=\"first-quantity\">\n<hr>\n<\/div>\n<div data-hook=\"first-quantity\"><\/div>\n<\/div>\n<\/div>\n<div data-hook=\"first-quantity\">\n<div data-hook=\"dates-range\"><div class=\"mkdf-separator-holder clearfix  mkdf-separator-center mkdf-separator-transparent\">\n\t<div class=\"mkdf-separator\" ><\/div>\n<\/div>\n<\/div>\n<div data-hook=\"dates-range\">Beginnt: September \/ Dezember, j\u00e4hrlich<\/div>\n<div data-hook=\"dates-range\">Endet: Dezember \/ April, j\u00e4hrlich<\/div>\n<div data-hook=\"course-frequency-title\">Findet einmal pro Woche statt, insgesamt 10 Sitzungen<\/div>\n<\/div>\n<div data-hook=\"course-frequency-title\">Alle Materialien sind im Preis inbegriffen<\/div>\n<div data-hook=\"course-frequency-title\">Der Kurs findet im Flex Office, Route de Meyrin 123, Genf, statt.<\/div>\n<div data-hook=\"course-frequency-title\"><div class=\"mkdf-separator-holder clearfix  mkdf-separator-center mkdf-separator-transparent\">\n\t<div class=\"mkdf-separator\" ><\/div>\n<\/div>\n<\/div>\n<div data-hook=\"course-frequency-title\">\n<hr>\n<\/div>\n<\/div>\n<div data-hook=\"course-frequency-title\"><div class=\"mkdf-separator-holder clearfix  mkdf-separator-center mkdf-separator-transparent\">\n\t<div class=\"mkdf-separator\" ><\/div>\n<\/div>\n<\/div>\n<div data-hook=\"course-frequency-title\">Dienstags: 18:00 Uhr &#8211; 20:00 Uhr<\/div>\n<div class=\"mkdf-separator-holder clearfix  mkdf-separator-center mkdf-separator-transparent\">\n\t<div class=\"mkdf-separator\" ><\/div>\n<\/div>\n\n<hr>\n<div class=\"mkdf-separator-holder clearfix  mkdf-separator-center mkdf-separator-transparent\">\n\t<div class=\"mkdf-separator\" ><\/div>\n<\/div>\n\n<p>In diesem Kurs werden Sie lernen:<\/p>\n<ul>\n<li>Die Grundlagen des franz\u00f6sischen Wortschatzes und der Grammatik<\/li>\n<li>Stellen Sie sich jemandem vor<\/li>\n<li>Einkaufen gehen<\/li>\n<li>Sprechen Sie \u00fcber verschiedene Aktivit\u00e4ten und Hobbys<\/li>\n<li>Sprechen Sie \u00fcber Ihre Familie und Freunde<\/li>\n<li>Suche nach einer neuen Wohnung, etc.<br \/>\n<div class=\"mkdf-separator-holder clearfix  mkdf-separator-center mkdf-separator-transparent\">\n\t<div class=\"mkdf-separator\" ><\/div>\n<\/div>\n<\/li>\n<\/ul>\n<hr>\n<div class=\"mkdf-separator-holder clearfix  mkdf-separator-center mkdf-separator-transparent\">\n\t<div class=\"mkdf-separator\" ><\/div>\n<\/div>\n\n<p>Am Ende des Kurses erhalten Sie ein <strong>anerkanntes Sprachzertifikat.<\/strong><\/p>\n","protected":false},"excerpt":{"rendered":"<p>Franz\u00f6sisch f\u00fcr Anf\u00e4nger! Lernen Sie die Grundlagen der franz\u00f6sischen Sprache in einer Gruppe von 3-7 Personen mit qualifizierten FSEA-Trainern. Online buchen 3-monatiger A1 Franz\u00f6sisch-Intensivkurs &#8211; EduQua zertifiziert Einrichtung CHF 699.- Beginnt: September \/ Dezember, j\u00e4hrlich Endet: Dezember \/ April, j\u00e4hrlich Findet einmal pro Woche statt,&#8230;<\/p>\n","protected":false},"featured_media":6945,"template":"","meta":{"_price":"799","_stock":"","_tribe_ticket_header":"","_tribe_default_ticket_provider":"","_tribe_ticket_capacity":"10","_ticket_start_date":"","_ticket_end_date":"","_tribe_ticket_show_description":"","_tribe_ticket_show_not_going":false,"_tribe_ticket_use_global_stock":"","_tribe_ticket_global_stock_level":"","_global_stock_mode":"","_global_stock_cap":"","_tribe_rsvp_for_event":"","_tribe_ticket_going_count":"","_tribe_ticket_not_going_count":"","_tribe_tickets_list":"[]","_tribe_ticket_has_attendee_info_fields":false},"product_brand":[],"product_cat":[256],"product_tag":[],"class_list":{"0":"post-7744","1":"product","2":"type-product","3":"status-publish","4":"has-post-thumbnail","6":"product_cat-gruppenunterricht","8":"first","9":"instock","10":"virtual","11":"purchasable","12":"product-type-simple"},"_links":{"self":[{"href":"https:\/\/ltg-academy.ch\/de\/wp-json\/wp\/v2\/product\/7744","targetHints":{"allow":["GET"]}}],"collection":[{"href":"https:\/\/ltg-academy.ch\/de\/wp-json\/wp\/v2\/product"}],"about":[{"href":"https:\/\/ltg-academy.ch\/de\/wp-json\/wp\/v2\/types\/product"}],"wp:featuredmedia":[{"embeddable":true,"href":"https:\/\/ltg-academy.ch\/de\/wp-json\/wp\/v2\/media\/6945"}],"wp:attachment":[{"href":"https:\/\/ltg-academy.ch\/de\/wp-json\/wp\/v2\/media?parent=7744"}],"wp:term":[{"taxonomy":"product_brand","embeddable":true,"href":"https:\/\/ltg-academy.ch\/de\/wp-json\/wp\/v2\/product_brand?post=7744"},{"taxonomy":"product_cat","embeddable":true,"href":"https:\/\/ltg-academy.ch\/de\/wp-json\/wp\/v2\/product_cat?post=7744"},{"taxonomy":"product_tag","embeddable":true,"href":"https:\/\/ltg-academy.ch\/de\/wp-json\/wp\/v2\/product_tag?post=7744"}],"curies":[{"name":"wp","href":"https:\/\/api.w.org\/{rel}","templated":true}]}}

3-monatiger A1 Französisch-Intensivkurs in Genf

<p><strong>Französisch für Anfänger!</strong></p>
<div class="mkdf-separator-holder clearfix  mkdf-separator-center mkdf-separator-transparent">
	<div class="mkdf-separator" ></div>
</div>

<p>Lernen Sie die Grundlagen der französischen Sprache in einer Gruppe von 3-7 Personen mit qualifizierten FSEA-Trainern.</p>
<div class="mkdf-separator-holder clearfix  mkdf-separator-center mkdf-separator-transparent">
	<div class="mkdf-separator" ></div>
</div>

<div class="_3q1tn" data-hook="title-container">
<h3 data-hook="title"><span style="color: #ff0000;">Online buchen</span></h3>
<div class="mkdf-separator-holder clearfix  mkdf-separator-center mkdf-separator-transparent">
	<div class="mkdf-separator" ></div>
</div>

</div>
<div>
<div class="ikI9Q" data-hook="data">
<div class="_1eQE1" data-hook="name">3-monatiger A1 Französisch-Intensivkurs &#8211; <a href="https://alice.ch/en/services/eduqua/"><br />
  <span style="color: #ff0000;">EduQua zertifiziert</span><br />
</a> Einrichtung</div>
<div data-hook="name"><div class="mkdf-separator-holder clearfix  mkdf-separator-center mkdf-separator-transparent">
	<div class="mkdf-separator" ></div>
</div>
</div>
<div data-hook="name"></div>
<div class="_2u1Io lddYb " data-hook="root">
<div class="_1NIFQ" data-hook="first-quantity"><strong>CHF 699.-</strong></div>
<div data-hook="first-quantity"><div class="mkdf-separator-holder clearfix  mkdf-separator-center mkdf-separator-transparent">
	<div class="mkdf-separator" ></div>
</div>
</div>
<div data-hook="first-quantity">
<hr>
</div>
<div data-hook="first-quantity"></div>
</div>
</div>
<div data-hook="first-quantity">
<div data-hook="dates-range"><div class="mkdf-separator-holder clearfix  mkdf-separator-center mkdf-separator-transparent">
	<div class="mkdf-separator" ></div>
</div>
</div>
<div data-hook="dates-range">Beginnt: September / Dezember, jährlich</div>
<div data-hook="dates-range">Endet: Dezember / April, jährlich</div>
<div data-hook="course-frequency-title">Findet einmal pro Woche statt, insgesamt 10 Sitzungen</div>
</div>
<div data-hook="course-frequency-title">Alle Materialien sind im Preis inbegriffen</div>
<div data-hook="course-frequency-title">Der Kurs findet im Flex Office, Route de Meyrin 123, Genf, statt.</div>
<div data-hook="course-frequency-title"><div class="mkdf-separator-holder clearfix  mkdf-separator-center mkdf-separator-transparent">
	<div class="mkdf-separator" ></div>
</div>
</div>
<div data-hook="course-frequency-title">
<hr>
</div>
</div>
<div data-hook="course-frequency-title"><div class="mkdf-separator-holder clearfix  mkdf-separator-center mkdf-separator-transparent">
	<div class="mkdf-separator" ></div>
</div>
</div>
<div data-hook="course-frequency-title">Dienstags: 18:00 Uhr &#8211; 20:00 Uhr</div>
<div class="mkdf-separator-holder clearfix  mkdf-separator-center mkdf-separator-transparent">
	<div class="mkdf-separator" ></div>
</div>

<hr>
<div class="mkdf-separator-holder clearfix  mkdf-separator-center mkdf-separator-transparent">
	<div class="mkdf-separator" ></div>
</div>

<p>In diesem Kurs werden Sie lernen:</p>
<ul>
<li>Die Grundlagen des französischen Wortschatzes und der Grammatik</li>
<li>Stellen Sie sich jemandem vor</li>
<li>Einkaufen gehen</li>
<li>Sprechen Sie über verschiedene Aktivitäten und Hobbys</li>
<li>Sprechen Sie über Ihre Familie und Freunde</li>
<li>Suche nach einer neuen Wohnung, etc.<br />
<div class="mkdf-separator-holder clearfix  mkdf-separator-center mkdf-separator-transparent">
	<div class="mkdf-separator" ></div>
</div>
</li>
</ul>
<hr>
<div class="mkdf-separator-holder clearfix  mkdf-separator-center mkdf-separator-transparent">
	<div class="mkdf-separator" ></div>
</div>

<p>Am Ende des Kurses erhalten Sie ein <strong>anerkanntes Sprachzertifikat.</strong></p>

<p>Französisch für Anfänger! Lernen Sie die Grundlagen der französischen Sprache in einer Gruppe von 3-7 Personen mit qualifizierten FSEA-Trainern. Online buchen 3-monatiger A1 Französisch-Intensivkurs &#8211; EduQua zertifiziert Einrichtung CHF 699.- Beginnt: September / Dezember, jährlich Endet: Dezember / April, jährlich Findet einmal pro Woche statt,&#8230;</p>
