{"id":7722,"date":"2022-03-08T11:06:28","date_gmt":"2022-03-08T10:06:28","guid":{"rendered":"https:\/\/ltg-academy.ch\/product\/cours-intensif-de-francais-a1-de-3-mois-a-lausanne\/"},"modified":"2022-08-02T15:21:39","modified_gmt":"2022-08-02T14:21:39","slug":"cours-intensif-de-francais-de-2-mois-en-ligne","status":"publish","type":"product","link":"https:\/\/ltg-academy.ch\/fr\/produit\/cours-intensif-de-francais-de-2-mois-en-ligne\/","title":{"rendered":"Cours intensif de fran\u00e7ais A1 de 2 mois en ligne"},"content":{"rendered":"<p><strong>Le fran\u00e7ais pour les d\u00e9butants !<\/strong><\/p>\n<div class=\"mkdf-separator-holder clearfix  mkdf-separator-center mkdf-separator-transparent\">\n\t<div class=\"mkdf-separator\" ><\/div>\n<\/div>\n\n<p><strong>Meilleure qualit\u00e9 et prix abordable &#8211; Oui, c&rsquo;est POSSIBLE !<\/strong><\/p>\n<div class=\"mkdf-separator-holder clearfix  mkdf-separator-center mkdf-separator-transparent\">\n\t<div class=\"mkdf-separator\" ><\/div>\n<\/div>\n\n<p><strong>Obtenez deux mois de cours pour le prix d&rsquo;un !<\/strong><\/p>\n<div class=\"mkdf-separator-holder clearfix  mkdf-separator-center mkdf-separator-transparent\">\n\t<div class=\"mkdf-separator\" ><\/div>\n<\/div>\n\n<p>Ce cours est destin\u00e9 aux professionnels en activit\u00e9 ou \u00e0 tous ceux qui, en raison de leur emploi du temps charg\u00e9, pr\u00e9f\u00e8rent \u00e9tudier dans le confort de leur foyer.<\/p>\n<p>&nbsp;<\/p>\n<div class=\"mkdf-separator-holder clearfix  mkdf-separator-center mkdf-separator-transparent\">\n\t<div class=\"mkdf-separator\" ><\/div>\n<\/div>\n\n<p>Apprenez les bases du fran\u00e7ais dans un groupe de 8 \u00e0 10 personnes avec les meilleurs formateurs qualifi\u00e9s &#8211; <strong>en direct en ligne<\/strong><\/p>\n<div class=\"mkdf-separator-holder clearfix  mkdf-separator-center mkdf-separator-transparent\">\n\t<div class=\"mkdf-separator\" ><\/div>\n<\/div>\n\n<p><strong>SEULEMENT CET AUTOMNE :<\/strong><br \/>\nNe manquez pas l&rsquo;occasion de vous inscrire \u00e0 ce cours ! Inscrivez-vous avant septembre et obtenez deux mois de cours pour le prix d&rsquo;un !<\/p>\n<div class=\"mkdf-separator-holder clearfix  mkdf-separator-center mkdf-separator-transparent\">\n\t<div class=\"mkdf-separator\" ><\/div>\n<\/div>\n\n<div class=\"_3q1tn\" data-hook=\"title-container\">\n<h3 data-hook=\"title\"><span style=\"color: #ff0000;\">Livre en ligne<\/span><\/h3>\n<div class=\"mkdf-separator-holder clearfix  mkdf-separator-center mkdf-separator-transparent\">\n\t<div class=\"mkdf-separator\" ><\/div>\n<\/div>\n\n<\/div>\n<div>\n<div class=\"ikI9Q\" data-hook=\"data\">\n<div class=\"_1eQE1\" data-hook=\"name\">Cours intensif de fran\u00e7ais A1 de 2 mois &#8211; <a href=\"https:\/\/alice.ch\/en\/services\/eduqua\/\"><br \/>\n  <span style=\"color: #ff0000;\">Certifi\u00e9 EduQua<\/span><br \/>\n<\/a> cours de langue<\/div>\n<div data-hook=\"name\"><div class=\"mkdf-separator-holder clearfix  mkdf-separator-center mkdf-separator-transparent\">\n\t<div class=\"mkdf-separator\" ><\/div>\n<\/div>\n<\/div>\n<div data-hook=\"name\"><\/div>\n<div class=\"_2u1Io lddYb \" data-hook=\"root\">\n<div class=\"_1NIFQ\" data-hook=\"first-quantity\"><strong>CHF 699.-<\/strong><\/div>\n<div data-hook=\"first-quantity\"><div class=\"mkdf-separator-holder clearfix  mkdf-separator-center mkdf-separator-transparent\">\n\t<div class=\"mkdf-separator\" ><\/div>\n<\/div>\n<\/div>\n<div data-hook=\"first-quantity\">\n<hr>\n<\/div>\n<div data-hook=\"first-quantity\"><\/div>\n<\/div>\n<\/div>\n<div data-hook=\"first-quantity\">\n<div data-hook=\"dates-range\"><div class=\"mkdf-separator-holder clearfix  mkdf-separator-center mkdf-separator-transparent\">\n\t<div class=\"mkdf-separator\" ><\/div>\n<\/div>\n<\/div>\n<div data-hook=\"dates-range\">Commence : <strong>Mercredi 21 septembre 2022<\/strong><\/div>\n<div data-hook=\"dates-range\">Fin : <strong>mercredi 09 novembre 2022<\/strong><\/div>\n<div data-hook=\"course-frequency-title\">A lieu une fois par semaine, soit un total de 8 s\u00e9ances.<\/div>\n<\/div>\n<div data-hook=\"course-frequency-title\"><strong>Tous les mat\u00e9riaux sont inclus dans le prix.<\/strong><\/div>\n<\/div>\n<div data-hook=\"course-frequency-title\"><\/div>\n<div>\n<div data-hook=\"course-frequency-title\"><div class=\"mkdf-separator-holder clearfix  mkdf-separator-center mkdf-separator-transparent\">\n\t<div class=\"mkdf-separator\" ><\/div>\n<\/div>\n<\/div>\n<div data-hook=\"course-frequency-title\">\n<hr>\n<\/div>\n<\/div>\n<div data-hook=\"course-frequency-title\"><div class=\"mkdf-separator-holder clearfix  mkdf-separator-center mkdf-separator-transparent\">\n\t<div class=\"mkdf-separator\" ><\/div>\n<\/div>\n<\/div>\n<div data-hook=\"course-frequency-title\">Les mardis : 18h00 &#8211; 20h00<\/div>\n<div class=\"mkdf-separator-holder clearfix  mkdf-separator-center mkdf-separator-transparent\">\n\t<div class=\"mkdf-separator\" ><\/div>\n<\/div>\n\n<div data-hook=\"course-frequency-title\"><strong>Il s&rsquo;agit d&rsquo;un cours en ligne.<\/strong><\/div>\n<div data-hook=\"course-frequency-title\"><div class=\"mkdf-separator-holder clearfix  mkdf-separator-center mkdf-separator-transparent\">\n\t<div class=\"mkdf-separator\" ><\/div>\n<\/div>\n<\/div>\n<div data-hook=\"course-frequency-title\">Apr\u00e8s avoir termin\u00e9 le cours A1.1, vous pouvez vous inscrire au cours A1.2 pour le m\u00eame prix !<\/div>\n<hr>\n<div class=\"mkdf-separator-holder clearfix  mkdf-separator-center mkdf-separator-transparent\">\n\t<div class=\"mkdf-separator\" ><\/div>\n<\/div>\n\n<p>Dans ce cours, vous apprendrez :<\/p>\n<ul>\n<li>Les bases du vocabulaire et de la grammaire fran\u00e7aise<\/li>\n<li>Pr\u00e9sentez-vous \u00e0 quelqu&rsquo;un<\/li>\n<li>Faire du shopping<\/li>\n<li>Parler de diff\u00e9rentes activit\u00e9s et loisirs<\/li>\n<li>Parlez de votre famille et de vos amis<\/li>\n<li>Chercher un nouvel appartement, etc.<br \/>\n<div class=\"mkdf-separator-holder clearfix  mkdf-separator-center mkdf-separator-transparent\">\n\t<div class=\"mkdf-separator\" ><\/div>\n<\/div>\n<\/li>\n<\/ul>\n<hr>\n<div class=\"mkdf-separator-holder clearfix  mkdf-separator-center mkdf-separator-transparent\">\n\t<div class=\"mkdf-separator\" ><\/div>\n<\/div>\n\n<p>\u00c0 la fin du cours, vous obtiendrez un <strong>certificat de langue reconnu.<\/strong><\/p>\n<h6>*Les cours pay\u00e9s en ligne ne sont pas sujets \u00e0 annulation.<\/h6>\n","protected":false},"excerpt":{"rendered":"<p>Le fran\u00e7ais pour les d\u00e9butants ! Meilleure qualit\u00e9 et prix abordable &#8211; Oui, c&rsquo;est POSSIBLE ! Obtenez deux mois de cours pour le prix d&rsquo;un ! Ce cours est destin\u00e9 aux professionnels en activit\u00e9 ou \u00e0 tous ceux qui, en raison de leur emploi du&#8230;<\/p>\n","protected":false},"featured_media":6612,"template":"","meta":{"_price":"880","_stock":null,"_tribe_ticket_header":"","_tribe_default_ticket_provider":"","_tribe_ticket_capacity":"1","_ticket_start_date":"","_ticket_end_date":"","_tribe_ticket_show_description":"","_tribe_ticket_show_not_going":false,"_tribe_ticket_use_global_stock":"","_tribe_ticket_global_stock_level":"","_global_stock_mode":"","_global_stock_cap":"","_tribe_rsvp_for_event":"","_tribe_ticket_going_count":"","_tribe_ticket_not_going_count":"","_tribe_tickets_list":"[]","_tribe_ticket_has_attendee_info_fields":false},"product_brand":[],"product_cat":[255],"product_tag":[],"class_list":{"0":"post-7722","1":"product","2":"type-product","3":"status-publish","4":"has-post-thumbnail","6":"product_cat-cours-de-groupe","8":"first","9":"instock","10":"virtual","11":"purchasable","12":"product-type-simple"},"_links":{"self":[{"href":"https:\/\/ltg-academy.ch\/fr\/wp-json\/wp\/v2\/product\/7722","targetHints":{"allow":["GET"]}}],"collection":[{"href":"https:\/\/ltg-academy.ch\/fr\/wp-json\/wp\/v2\/product"}],"about":[{"href":"https:\/\/ltg-academy.ch\/fr\/wp-json\/wp\/v2\/types\/product"}],"wp:featuredmedia":[{"embeddable":true,"href":"https:\/\/ltg-academy.ch\/fr\/wp-json\/wp\/v2\/media\/6612"}],"wp:attachment":[{"href":"https:\/\/ltg-academy.ch\/fr\/wp-json\/wp\/v2\/media?parent=7722"}],"wp:term":[{"taxonomy":"product_brand","embeddable":true,"href":"https:\/\/ltg-academy.ch\/fr\/wp-json\/wp\/v2\/product_brand?post=7722"},{"taxonomy":"product_cat","embeddable":true,"href":"https:\/\/ltg-academy.ch\/fr\/wp-json\/wp\/v2\/product_cat?post=7722"},{"taxonomy":"product_tag","embeddable":true,"href":"https:\/\/ltg-academy.ch\/fr\/wp-json\/wp\/v2\/product_tag?post=7722"}],"curies":[{"name":"wp","href":"https:\/\/api.w.org\/{rel}","templated":true}]}}

Cours intensif de français A1 de 2 mois en ligne

<p><strong>Le français pour les débutants !</strong></p>
<div class="mkdf-separator-holder clearfix  mkdf-separator-center mkdf-separator-transparent">
	<div class="mkdf-separator" ></div>
</div>

<p><strong>Meilleure qualité et prix abordable &#8211; Oui, c&rsquo;est POSSIBLE !</strong></p>
<div class="mkdf-separator-holder clearfix  mkdf-separator-center mkdf-separator-transparent">
	<div class="mkdf-separator" ></div>
</div>

<p><strong>Obtenez deux mois de cours pour le prix d&rsquo;un !</strong></p>
<div class="mkdf-separator-holder clearfix  mkdf-separator-center mkdf-separator-transparent">
	<div class="mkdf-separator" ></div>
</div>

<p>Ce cours est destiné aux professionnels en activité ou à tous ceux qui, en raison de leur emploi du temps chargé, préfèrent étudier dans le confort de leur foyer.</p>
<p>&nbsp;</p>
<div class="mkdf-separator-holder clearfix  mkdf-separator-center mkdf-separator-transparent">
	<div class="mkdf-separator" ></div>
</div>

<p>Apprenez les bases du français dans un groupe de 8 à 10 personnes avec les meilleurs formateurs qualifiés &#8211; <strong>en direct en ligne</strong></p>
<div class="mkdf-separator-holder clearfix  mkdf-separator-center mkdf-separator-transparent">
	<div class="mkdf-separator" ></div>
</div>

<p><strong>SEULEMENT CET AUTOMNE :</strong><br />
Ne manquez pas l&rsquo;occasion de vous inscrire à ce cours ! Inscrivez-vous avant septembre et obtenez deux mois de cours pour le prix d&rsquo;un !</p>
<div class="mkdf-separator-holder clearfix  mkdf-separator-center mkdf-separator-transparent">
	<div class="mkdf-separator" ></div>
</div>

<div class="_3q1tn" data-hook="title-container">
<h3 data-hook="title"><span style="color: #ff0000;">Livre en ligne</span></h3>
<div class="mkdf-separator-holder clearfix  mkdf-separator-center mkdf-separator-transparent">
	<div class="mkdf-separator" ></div>
</div>

</div>
<div>
<div class="ikI9Q" data-hook="data">
<div class="_1eQE1" data-hook="name">Cours intensif de français A1 de 2 mois &#8211; <a href="https://alice.ch/en/services/eduqua/"><br />
  <span style="color: #ff0000;">Certifié EduQua</span><br />
</a> cours de langue</div>
<div data-hook="name"><div class="mkdf-separator-holder clearfix  mkdf-separator-center mkdf-separator-transparent">
	<div class="mkdf-separator" ></div>
</div>
</div>
<div data-hook="name"></div>
<div class="_2u1Io lddYb " data-hook="root">
<div class="_1NIFQ" data-hook="first-quantity"><strong>CHF 699.-</strong></div>
<div data-hook="first-quantity"><div class="mkdf-separator-holder clearfix  mkdf-separator-center mkdf-separator-transparent">
	<div class="mkdf-separator" ></div>
</div>
</div>
<div data-hook="first-quantity">
<hr>
</div>
<div data-hook="first-quantity"></div>
</div>
</div>
<div data-hook="first-quantity">
<div data-hook="dates-range"><div class="mkdf-separator-holder clearfix  mkdf-separator-center mkdf-separator-transparent">
	<div class="mkdf-separator" ></div>
</div>
</div>
<div data-hook="dates-range">Commence : <strong>Mercredi 21 septembre 2022</strong></div>
<div data-hook="dates-range">Fin : <strong>mercredi 09 novembre 2022</strong></div>
<div data-hook="course-frequency-title">A lieu une fois par semaine, soit un total de 8 séances.</div>
</div>
<div data-hook="course-frequency-title"><strong>Tous les matériaux sont inclus dans le prix.</strong></div>
</div>
<div data-hook="course-frequency-title"></div>
<div>
<div data-hook="course-frequency-title"><div class="mkdf-separator-holder clearfix  mkdf-separator-center mkdf-separator-transparent">
	<div class="mkdf-separator" ></div>
</div>
</div>
<div data-hook="course-frequency-title">
<hr>
</div>
</div>
<div data-hook="course-frequency-title"><div class="mkdf-separator-holder clearfix  mkdf-separator-center mkdf-separator-transparent">
	<div class="mkdf-separator" ></div>
</div>
</div>
<div data-hook="course-frequency-title">Les mardis : 18h00 &#8211; 20h00</div>
<div class="mkdf-separator-holder clearfix  mkdf-separator-center mkdf-separator-transparent">
	<div class="mkdf-separator" ></div>
</div>

<div data-hook="course-frequency-title"><strong>Il s&rsquo;agit d&rsquo;un cours en ligne.</strong></div>
<div data-hook="course-frequency-title"><div class="mkdf-separator-holder clearfix  mkdf-separator-center mkdf-separator-transparent">
	<div class="mkdf-separator" ></div>
</div>
</div>
<div data-hook="course-frequency-title">Après avoir terminé le cours A1.1, vous pouvez vous inscrire au cours A1.2 pour le même prix !</div>
<hr>
<div class="mkdf-separator-holder clearfix  mkdf-separator-center mkdf-separator-transparent">
	<div class="mkdf-separator" ></div>
</div>

<p>Dans ce cours, vous apprendrez :</p>
<ul>
<li>Les bases du vocabulaire et de la grammaire française</li>
<li>Présentez-vous à quelqu&rsquo;un</li>
<li>Faire du shopping</li>
<li>Parler de différentes activités et loisirs</li>
<li>Parlez de votre famille et de vos amis</li>
<li>Chercher un nouvel appartement, etc.<br />
<div class="mkdf-separator-holder clearfix  mkdf-separator-center mkdf-separator-transparent">
	<div class="mkdf-separator" ></div>
</div>
</li>
</ul>
<hr>
<div class="mkdf-separator-holder clearfix  mkdf-separator-center mkdf-separator-transparent">
	<div class="mkdf-separator" ></div>
</div>

<p>À la fin du cours, vous obtiendrez un <strong>certificat de langue reconnu.</strong></p>
<h6>*Les cours payés en ligne ne sont pas sujets à annulation.</h6>

<p>Le français pour les débutants ! Meilleure qualité et prix abordable &#8211; Oui, c&rsquo;est POSSIBLE ! Obtenez deux mois de cours pour le prix d&rsquo;un ! Ce cours est destiné aux professionnels en activité ou à tous ceux qui, en raison de leur emploi du&#8230;</p>
