{"id":7725,"date":"2022-01-05T14:25:16","date_gmt":"2022-01-05T13:25:16","guid":{"rendered":"https:\/\/ltg-academy.ch\/product\/cours-intensif-dallemand-a1-de-3-mois\/"},"modified":"2023-10-24T12:36:53","modified_gmt":"2023-10-24T11:36:53","slug":"cours-intensif-dallemand-de-3-mois-et-demi","status":"publish","type":"product","link":"https:\/\/ltg-academy.ch\/fr\/produit\/cours-intensif-dallemand-de-3-mois-et-demi\/","title":{"rendered":"Cours intensif d&rsquo;allemand A1 de 3 mois"},"content":{"rendered":"<p><strong>L&rsquo;allemand pour les d\u00e9butants !<\/strong><\/p>\n<p>Apprenez les bases de l&rsquo;allemand dans un groupe de 4 \u00e0 8 personnes avec les formateurs les plus qualifi\u00e9s.<\/p>\n<div class=\"mkdf-separator-holder clearfix  mkdf-separator-center mkdf-separator-transparent\">\n\t<div class=\"mkdf-separator\" ><\/div>\n<\/div>\n\n<div class=\"_3q1tn\" data-hook=\"title-container\">\n<h3 data-hook=\"title\"><span style=\"color: #ff0000;\">Livre en ligne<\/span><\/h3>\n<\/div>\n<div>\n<div class=\"ikI9Q\" data-hook=\"data\">\n<div data-hook=\"name\"><div class=\"mkdf-separator-holder clearfix  mkdf-separator-center mkdf-separator-transparent\">\n\t<div class=\"mkdf-separator\" ><\/div>\n<\/div>\n<\/div>\n<div data-hook=\"name\"><\/div>\n<div class=\"_1eQE1\" data-hook=\"name\">Cours intensif d&rsquo;allemand A1 de 3 mois &#8211; <a href=\"https:\/\/alice.ch\/en\/services\/eduqua\/\"><br \/>\n  <span style=\"color: #ff0000;\">Certifi\u00e9 EduQua<\/span><br \/>\n<\/a> institution<\/div>\n<div data-hook=\"name\"><\/div>\n<div class=\"_2u1Io lddYb \" data-hook=\"root\">\n<div class=\"_1NIFQ\" data-hook=\"first-quantity\"><strong>CHF 599.-<\/strong><\/div>\n<div data-hook=\"first-quantity\"><div class=\"mkdf-separator-holder clearfix  mkdf-separator-center mkdf-separator-transparent\">\n\t<div class=\"mkdf-separator\" ><\/div>\n<\/div>\n<\/div>\n<div data-hook=\"first-quantity\">\n<hr>\n<\/div>\n<div data-hook=\"first-quantity\"><div class=\"mkdf-separator-holder clearfix  mkdf-separator-center mkdf-separator-transparent\">\n\t<div class=\"mkdf-separator\" ><\/div>\n<\/div>\n<\/div>\n<\/div>\n<\/div>\n<div data-hook=\"first-quantity\">\n<div data-hook=\"dates-range\">D\u00e9but : Janvier \/ septembre, tous les ans<\/div>\n<div data-hook=\"dates-range\">Fin : avril \/ d\u00e9cembre, tous les ans<\/div>\n<div data-hook=\"course-frequency-title\">A lieu une fois par semaine, 12 s\u00e9ances au total<\/div>\n<\/div>\n<div data-hook=\"course-frequency-title\">Tous les mat\u00e9riaux sont inclus dans le prix<\/div>\n<div data-hook=\"course-frequency-title\"><div class=\"mkdf-separator-holder clearfix  mkdf-separator-center mkdf-separator-transparent\">\n\t<div class=\"mkdf-separator\" ><\/div>\n<\/div>\n<\/div>\n<div data-hook=\"course-frequency-title\">\n<hr>\n<\/div>\n<\/div>\n<div data-hook=\"course-frequency-title\"><div class=\"mkdf-separator-holder clearfix  mkdf-separator-center mkdf-separator-transparent\">\n\t<div class=\"mkdf-separator\" ><\/div>\n<\/div>\n<\/div>\n<div data-hook=\"course-frequency-title\">Les mardis : 18h00 &#8211; 20h00<\/div>\n<div class=\"mkdf-separator-holder clearfix  mkdf-separator-center mkdf-separator-transparent\">\n\t<div class=\"mkdf-separator\" ><\/div>\n<\/div>\n\n<hr>\n<div class=\"mkdf-separator-holder clearfix  mkdf-separator-center mkdf-separator-transparent\">\n\t<div class=\"mkdf-separator\" ><\/div>\n<\/div>\n\n<p>Dans ce cours, vous apprendrez :<\/p>\n<ul>\n<li>Les bases du vocabulaire et de la grammaire allemands<\/li>\n<li>Pr\u00e9sentez-vous \u00e0 quelqu&rsquo;un<\/li>\n<li>Faire du shopping<\/li>\n<li>Parler de diff\u00e9rentes activit\u00e9s et loisirs<\/li>\n<li>Parlez de votre famille et de vos amis<\/li>\n<li>Chercher un nouvel appartement, etc.<br \/>\n<div class=\"mkdf-separator-holder clearfix  mkdf-separator-center mkdf-separator-transparent\">\n\t<div class=\"mkdf-separator\" ><\/div>\n<\/div>\n<\/li>\n<\/ul>\n<hr>\n<div class=\"mkdf-separator-holder clearfix  mkdf-separator-center mkdf-separator-transparent\">\n\t<div class=\"mkdf-separator\" ><\/div>\n<\/div>\n\n<p>\u00c0 la fin du cours, vous obtiendrez un <span style=\"color: #ff0000;\">certificat de langue reconnu.<\/span><\/p>\n","protected":false},"excerpt":{"rendered":"<p>L&rsquo;allemand pour les d\u00e9butants ! Apprenez les bases de l&rsquo;allemand dans un groupe de 4 \u00e0 8 personnes avec les formateurs les plus qualifi\u00e9s. Livre en ligne Cours intensif d&rsquo;allemand A1 de 3 mois &#8211; Certifi\u00e9 EduQua institution CHF 599.- D\u00e9but : Janvier \/ septembre,&#8230;<\/p>\n","protected":false},"featured_media":6386,"template":"","meta":{"_price":"799","_stock":"","_tribe_ticket_header":"","_tribe_default_ticket_provider":"","_tribe_ticket_capacity":"0","_ticket_start_date":"","_ticket_end_date":"","_tribe_ticket_show_description":"","_tribe_ticket_show_not_going":false,"_tribe_ticket_use_global_stock":"","_tribe_ticket_global_stock_level":"","_global_stock_mode":"","_global_stock_cap":"","_tribe_rsvp_for_event":"","_tribe_ticket_going_count":"","_tribe_ticket_not_going_count":"","_tribe_tickets_list":"[]","_tribe_ticket_has_attendee_info_fields":false},"product_brand":[],"product_cat":[255],"product_tag":[],"class_list":{"0":"post-7725","1":"product","2":"type-product","3":"status-publish","4":"has-post-thumbnail","6":"product_cat-cours-de-groupe","8":"first","9":"instock","10":"featured","11":"shipping-taxable","12":"purchasable","13":"product-type-simple"},"_links":{"self":[{"href":"https:\/\/ltg-academy.ch\/fr\/wp-json\/wp\/v2\/product\/7725","targetHints":{"allow":["GET"]}}],"collection":[{"href":"https:\/\/ltg-academy.ch\/fr\/wp-json\/wp\/v2\/product"}],"about":[{"href":"https:\/\/ltg-academy.ch\/fr\/wp-json\/wp\/v2\/types\/product"}],"wp:featuredmedia":[{"embeddable":true,"href":"https:\/\/ltg-academy.ch\/fr\/wp-json\/wp\/v2\/media\/6386"}],"wp:attachment":[{"href":"https:\/\/ltg-academy.ch\/fr\/wp-json\/wp\/v2\/media?parent=7725"}],"wp:term":[{"taxonomy":"product_brand","embeddable":true,"href":"https:\/\/ltg-academy.ch\/fr\/wp-json\/wp\/v2\/product_brand?post=7725"},{"taxonomy":"product_cat","embeddable":true,"href":"https:\/\/ltg-academy.ch\/fr\/wp-json\/wp\/v2\/product_cat?post=7725"},{"taxonomy":"product_tag","embeddable":true,"href":"https:\/\/ltg-academy.ch\/fr\/wp-json\/wp\/v2\/product_tag?post=7725"}],"curies":[{"name":"wp","href":"https:\/\/api.w.org\/{rel}","templated":true}]}}

<p><strong>L&rsquo;allemand pour les débutants !</strong></p>
<p>Apprenez les bases de l&rsquo;allemand dans un groupe de 4 à 8 personnes avec les formateurs les plus qualifiés.</p>
<div class="mkdf-separator-holder clearfix  mkdf-separator-center mkdf-separator-transparent">
	<div class="mkdf-separator" ></div>
</div>

<div class="_3q1tn" data-hook="title-container">
<h3 data-hook="title"><span style="color: #ff0000;">Livre en ligne</span></h3>
</div>
<div>
<div class="ikI9Q" data-hook="data">
<div data-hook="name"><div class="mkdf-separator-holder clearfix  mkdf-separator-center mkdf-separator-transparent">
	<div class="mkdf-separator" ></div>
</div>
</div>
<div data-hook="name"></div>
<div class="_1eQE1" data-hook="name">Cours intensif d&rsquo;allemand A1 de 3 mois &#8211; <a href="https://alice.ch/en/services/eduqua/"><br />
  <span style="color: #ff0000;">Certifié EduQua</span><br />
</a> institution</div>
<div data-hook="name"></div>
<div class="_2u1Io lddYb " data-hook="root">
<div class="_1NIFQ" data-hook="first-quantity"><strong>CHF 599.-</strong></div>
<div data-hook="first-quantity"><div class="mkdf-separator-holder clearfix  mkdf-separator-center mkdf-separator-transparent">
	<div class="mkdf-separator" ></div>
</div>
</div>
<div data-hook="first-quantity">
<hr>
</div>
<div data-hook="first-quantity"><div class="mkdf-separator-holder clearfix  mkdf-separator-center mkdf-separator-transparent">
	<div class="mkdf-separator" ></div>
</div>
</div>
</div>
</div>
<div data-hook="first-quantity">
<div data-hook="dates-range">Début : Janvier / septembre, tous les ans</div>
<div data-hook="dates-range">Fin : avril / décembre, tous les ans</div>
<div data-hook="course-frequency-title">A lieu une fois par semaine, 12 séances au total</div>
</div>
<div data-hook="course-frequency-title">Tous les matériaux sont inclus dans le prix</div>
<div data-hook="course-frequency-title"><div class="mkdf-separator-holder clearfix  mkdf-separator-center mkdf-separator-transparent">
	<div class="mkdf-separator" ></div>
</div>
</div>
<div data-hook="course-frequency-title">
<hr>
</div>
</div>
<div data-hook="course-frequency-title"><div class="mkdf-separator-holder clearfix  mkdf-separator-center mkdf-separator-transparent">
	<div class="mkdf-separator" ></div>
</div>
</div>
<div data-hook="course-frequency-title">Les mardis : 18h00 &#8211; 20h00</div>
<div class="mkdf-separator-holder clearfix  mkdf-separator-center mkdf-separator-transparent">
	<div class="mkdf-separator" ></div>
</div>

<hr>
<div class="mkdf-separator-holder clearfix  mkdf-separator-center mkdf-separator-transparent">
	<div class="mkdf-separator" ></div>
</div>

<p>Dans ce cours, vous apprendrez :</p>
<ul>
<li>Les bases du vocabulaire et de la grammaire allemands</li>
<li>Présentez-vous à quelqu&rsquo;un</li>
<li>Faire du shopping</li>
<li>Parler de différentes activités et loisirs</li>
<li>Parlez de votre famille et de vos amis</li>
<li>Chercher un nouvel appartement, etc.<br />
<div class="mkdf-separator-holder clearfix  mkdf-separator-center mkdf-separator-transparent">
	<div class="mkdf-separator" ></div>
</div>
</li>
</ul>
<hr>
<div class="mkdf-separator-holder clearfix  mkdf-separator-center mkdf-separator-transparent">
	<div class="mkdf-separator" ></div>
</div>

<p>À la fin du cours, vous obtiendrez un <span style="color: #ff0000;">certificat de langue reconnu.</span></p>

<p>L&rsquo;allemand pour les débutants ! Apprenez les bases de l&rsquo;allemand dans un groupe de 4 à 8 personnes avec les formateurs les plus qualifiés. Livre en ligne Cours intensif d&rsquo;allemand A1 de 3 mois &#8211; Certifié EduQua institution CHF 599.- Début : Janvier / septembre,&#8230;</p>
