{"id":7741,"date":"2020-10-13T18:15:06","date_gmt":"2020-10-13T17:15:06","guid":{"rendered":"https:\/\/ltg-academy.ch\/product\/2-mois-a2-1-cours-de-francais\/"},"modified":"2023-10-24T12:44:20","modified_gmt":"2023-10-24T11:44:20","slug":"cours-intensif-de-francais-sur-2-mois-2-1","status":"publish","type":"product","link":"https:\/\/ltg-academy.ch\/fr\/produit\/cours-intensif-de-francais-sur-2-mois-2-1\/","title":{"rendered":"2-Mois A2.1. Cours de fran\u00e7ais"},"content":{"rendered":"<p>Apprenez le fran\u00e7ais A2.1 en seulement 2 mois !<\/p>\n<p>&nbsp;<\/p>\n<p><strong>D\u00e9bloquer de nouvelles opportunit\u00e9s avec une deuxi\u00e8me langue<\/strong><\/p>\n<p>Vous en avez assez de vous sentir exclu des conversations avec vos coll\u00e8gues ou amis francophones ? Vous r\u00eavez de d\u00e9couvrir la charmante Suisse en toute confiance ? Notre cours de fran\u00e7ais A2.1 est con\u00e7u pour vous aider \u00e0 atteindre vos objectifs linguistiques en seulement deux mois. Gr\u00e2ce \u00e0 nos m\u00e9thodes \u00e9prouv\u00e9es et \u00e0 nos formateurs exp\u00e9riment\u00e9s, vous acquerrez les comp\u00e9tences et les connaissances n\u00e9cessaires pour communiquer efficacement en fran\u00e7ais. Ouvrez de nouvelles perspectives et \u00e9largissez vos horizons gr\u00e2ce au don d&rsquo;une deuxi\u00e8me langue.<\/p>\n<p>&nbsp;<\/p>\n<p><strong>Une exp\u00e9rience d&rsquo;apprentissage compl\u00e8te et structur\u00e9e<\/strong><\/p>\n<p>Dans notre \u00e9cole de langues, nous comprenons que l&rsquo;apprentissage d&rsquo;une nouvelle langue peut \u00eatre un d\u00e9fi. C&rsquo;est pourquoi nous avons cr\u00e9\u00e9 une exp\u00e9rience d&rsquo;apprentissage compl\u00e8te et structur\u00e9e pour vous aider \u00e0 r\u00e9ussir. Notre cours couvre tous les aspects de la langue fran\u00e7aise, de la grammaire et du vocabulaire \u00e0 la prononciation et \u00e0 la conversation. Vous recevrez une attention personnalis\u00e9e de la part de nos instructeurs et b\u00e9n\u00e9ficierez d&rsquo;activit\u00e9s interactives et de sc\u00e9narios r\u00e9els pour vous aider \u00e0 mettre en pratique vos nouvelles comp\u00e9tences. Avec notre cours, vous serez capable de parler couramment et en toute confiance le fran\u00e7ais en seulement deux mois.<\/p>\n<p>&nbsp;<\/p>\n<p><strong>Des options d&rsquo;apprentissage pratiques et flexibles<\/strong><\/p>\n<p>Nous comprenons que chaque personne a un emploi du temps et un style d&rsquo;apprentissage qui lui sont propres. Nos cours sont dispens\u00e9s en ligne, et notre plateforme en ligne est conviviale et accessible depuis n&rsquo;importe o\u00f9 dans le monde. Gr\u00e2ce \u00e0 nos options flexibles, vous pouvez int\u00e9grer l&rsquo;apprentissage d&rsquo;une langue \u00e0 votre mode de vie actif.<\/p>\n<p>&nbsp;<\/p>\n<p>Apprendre dans un environnement professionnel au sein d&rsquo;un groupe de 4 \u00e0 7 personnes. Tout le mat\u00e9riel n\u00e9cessaire au cours est fourni.<\/p>\n<div class=\"_3q1tn\" data-hook=\"title-container\">\n<h2 data-hook=\"title\">Livre en ligne<\/h2>\n<\/div>\n<div>\n<div class=\"ikI9Q\" data-hook=\"data\">\n<div class=\"_1eQE1\" data-hook=\"name\">2-Mois A2.1. Cours de fran\u00e7ais intensif en ligne<\/div>\n<div data-hook=\"name\"><\/div>\n<div class=\"_2u1Io lddYb \" data-hook=\"root\">\n<div class=\"_1NIFQ\" data-hook=\"first-quantity\">\n<div>\n<div class=\"ikI9Q\" data-hook=\"data\">\n<div class=\"_2u1Io lddYb \" data-hook=\"root\">\n<div class=\"_1NIFQ\" data-hook=\"first-quantity\">CHF 699.-<\/div>\n<div data-hook=\"first-quantity\">\n<hr>\n<\/div>\n<\/div>\n<div data-hook=\"first-quantity\">\n<div data-hook=\"dates-range\">D\u00e9but : Septembre \/ janvier, chaque ann\u00e9e<\/div>\n<div data-hook=\"dates-range\">Fin : d\u00e9cembre \/ avril, chaque ann\u00e9e<\/div>\n<div data-hook=\"dates-range\">\n<hr>\n<\/div>\n<\/div>\n<\/div>\n<\/div>\n<div>\n<div data-hook=\"first-quantity\">\n<div data-hook=\"course-frequency-title\">A lieu une fois par semaine, 12 s\u00e9ances au total<\/div>\n<\/div>\n<\/div>\n<div data-hook=\"course-frequency-title\"><\/div>\n<div data-hook=\"course-frequency-title\">Le mardi : 18 h 15 &#8211; 20 h 15<\/div>\n<\/div>\n<\/div>\n<div data-hook=\"root\"><\/div>\n<\/div>\n<\/div>\n<div id=\"gtx-trans\" style=\"position: absolute; left: 265px; top: 307.812px;\">\n<div class=\"gtx-trans-icon\"><\/div>\n<\/div>\n","protected":false},"excerpt":{"rendered":"<p>Apprenez le fran\u00e7ais A2.1 en seulement 2 mois ! &nbsp; D\u00e9bloquer de nouvelles opportunit\u00e9s avec une deuxi\u00e8me langue Vous en avez assez de vous sentir exclu des conversations avec vos coll\u00e8gues ou amis francophones ? Vous r\u00eavez de d\u00e9couvrir la charmante Suisse en toute confiance&#8230;<\/p>\n","protected":false},"featured_media":6941,"template":"","meta":{"_price":"699","_stock":"","_tribe_ticket_header":"","_tribe_default_ticket_provider":"","_tribe_ticket_capacity":"0","_ticket_start_date":"","_ticket_end_date":"","_tribe_ticket_show_description":"","_tribe_ticket_show_not_going":false,"_tribe_ticket_use_global_stock":"","_tribe_ticket_global_stock_level":"","_global_stock_mode":"","_global_stock_cap":"","_tribe_rsvp_for_event":"","_tribe_ticket_going_count":"","_tribe_ticket_not_going_count":"","_tribe_tickets_list":"[]","_tribe_ticket_has_attendee_info_fields":false},"product_brand":[],"product_cat":[255],"product_tag":[],"class_list":{"0":"post-7741","1":"product","2":"type-product","3":"status-publish","4":"has-post-thumbnail","6":"product_cat-cours-de-groupe","8":"first","9":"instock","10":"virtual","11":"purchasable","12":"product-type-simple"},"_links":{"self":[{"href":"https:\/\/ltg-academy.ch\/fr\/wp-json\/wp\/v2\/product\/7741","targetHints":{"allow":["GET"]}}],"collection":[{"href":"https:\/\/ltg-academy.ch\/fr\/wp-json\/wp\/v2\/product"}],"about":[{"href":"https:\/\/ltg-academy.ch\/fr\/wp-json\/wp\/v2\/types\/product"}],"wp:featuredmedia":[{"embeddable":true,"href":"https:\/\/ltg-academy.ch\/fr\/wp-json\/wp\/v2\/media\/6941"}],"wp:attachment":[{"href":"https:\/\/ltg-academy.ch\/fr\/wp-json\/wp\/v2\/media?parent=7741"}],"wp:term":[{"taxonomy":"product_brand","embeddable":true,"href":"https:\/\/ltg-academy.ch\/fr\/wp-json\/wp\/v2\/product_brand?post=7741"},{"taxonomy":"product_cat","embeddable":true,"href":"https:\/\/ltg-academy.ch\/fr\/wp-json\/wp\/v2\/product_cat?post=7741"},{"taxonomy":"product_tag","embeddable":true,"href":"https:\/\/ltg-academy.ch\/fr\/wp-json\/wp\/v2\/product_tag?post=7741"}],"curies":[{"name":"wp","href":"https:\/\/api.w.org\/{rel}","templated":true}]}}

2-Mois A2.1. Cours de français

<p>Apprenez le français A2.1 en seulement 2 mois !</p>
<p>&nbsp;</p>
<p><strong>Débloquer de nouvelles opportunités avec une deuxième langue</strong></p>
<p>Vous en avez assez de vous sentir exclu des conversations avec vos collègues ou amis francophones ? Vous rêvez de découvrir la charmante Suisse en toute confiance ? Notre cours de français A2.1 est conçu pour vous aider à atteindre vos objectifs linguistiques en seulement deux mois. Grâce à nos méthodes éprouvées et à nos formateurs expérimentés, vous acquerrez les compétences et les connaissances nécessaires pour communiquer efficacement en français. Ouvrez de nouvelles perspectives et élargissez vos horizons grâce au don d&rsquo;une deuxième langue.</p>
<p>&nbsp;</p>
<p><strong>Une expérience d&rsquo;apprentissage complète et structurée</strong></p>
<p>Dans notre école de langues, nous comprenons que l&rsquo;apprentissage d&rsquo;une nouvelle langue peut être un défi. C&rsquo;est pourquoi nous avons créé une expérience d&rsquo;apprentissage complète et structurée pour vous aider à réussir. Notre cours couvre tous les aspects de la langue française, de la grammaire et du vocabulaire à la prononciation et à la conversation. Vous recevrez une attention personnalisée de la part de nos instructeurs et bénéficierez d&rsquo;activités interactives et de scénarios réels pour vous aider à mettre en pratique vos nouvelles compétences. Avec notre cours, vous serez capable de parler couramment et en toute confiance le français en seulement deux mois.</p>
<p>&nbsp;</p>
<p><strong>Des options d&rsquo;apprentissage pratiques et flexibles</strong></p>
<p>Nous comprenons que chaque personne a un emploi du temps et un style d&rsquo;apprentissage qui lui sont propres. Nos cours sont dispensés en ligne, et notre plateforme en ligne est conviviale et accessible depuis n&rsquo;importe où dans le monde. Grâce à nos options flexibles, vous pouvez intégrer l&rsquo;apprentissage d&rsquo;une langue à votre mode de vie actif.</p>
<p>&nbsp;</p>
<p>Apprendre dans un environnement professionnel au sein d&rsquo;un groupe de 4 à 7 personnes. Tout le matériel nécessaire au cours est fourni.</p>
<div class="_3q1tn" data-hook="title-container">
<h2 data-hook="title">Livre en ligne</h2>
</div>
<div>
<div class="ikI9Q" data-hook="data">
<div class="_1eQE1" data-hook="name">2-Mois A2.1. Cours de français intensif en ligne</div>
<div data-hook="name"></div>
<div class="_2u1Io lddYb " data-hook="root">
<div class="_1NIFQ" data-hook="first-quantity">
<div>
<div class="ikI9Q" data-hook="data">
<div class="_2u1Io lddYb " data-hook="root">
<div class="_1NIFQ" data-hook="first-quantity">CHF 699.-</div>
<div data-hook="first-quantity">
<hr>
</div>
</div>
<div data-hook="first-quantity">
<div data-hook="dates-range">Début : Septembre / janvier, chaque année</div>
<div data-hook="dates-range">Fin : décembre / avril, chaque année</div>
<div data-hook="dates-range">
<hr>
</div>
</div>
</div>
</div>
<div>
<div data-hook="first-quantity">
<div data-hook="course-frequency-title">A lieu une fois par semaine, 12 séances au total</div>
</div>
</div>
<div data-hook="course-frequency-title"></div>
<div data-hook="course-frequency-title">Le mardi : 18 h 15 &#8211; 20 h 15</div>
</div>
</div>
<div data-hook="root"></div>
</div>
</div>
<div id="gtx-trans" style="position: absolute; left: 265px; top: 307.812px;">
<div class="gtx-trans-icon"></div>
</div>

<p>Apprenez le français A2.1 en seulement 2 mois ! &nbsp; Débloquer de nouvelles opportunités avec une deuxième langue Vous en avez assez de vous sentir exclu des conversations avec vos collègues ou amis francophones ? Vous rêvez de découvrir la charmante Suisse en toute confiance&#8230;</p>
