{"id":7743,"date":"2020-09-02T18:15:46","date_gmt":"2020-09-02T17:15:46","guid":{"rendered":"https:\/\/ltg-academy.ch\/product\/cours-intensif-de-francais-a1-de-3-mois-a-geneve\/"},"modified":"2023-10-24T12:48:47","modified_gmt":"2023-10-24T11:48:47","slug":"cours-intensif-de-francais-sur-trois-mois","status":"publish","type":"product","link":"https:\/\/ltg-academy.ch\/fr\/produit\/cours-intensif-de-francais-sur-trois-mois\/","title":{"rendered":"Cours intensif de fran\u00e7ais A1 de 3 mois \u00e0 Gen\u00e8ve"},"content":{"rendered":"<p><strong>Le fran\u00e7ais pour les d\u00e9butants !<\/strong><\/p>\n<div class=\"mkdf-separator-holder clearfix  mkdf-separator-center mkdf-separator-transparent\">\n\t<div class=\"mkdf-separator\" ><\/div>\n<\/div>\n\n<p>Apprenez les bases du fran\u00e7ais dans un groupe de 3 \u00e0 7 personnes avec des formateurs qualifi\u00e9s FSEA.<\/p>\n<div class=\"mkdf-separator-holder clearfix  mkdf-separator-center mkdf-separator-transparent\">\n\t<div class=\"mkdf-separator\" ><\/div>\n<\/div>\n\n<div class=\"_3q1tn\" data-hook=\"title-container\">\n<h3 data-hook=\"title\"><span style=\"color: #ff0000;\">Livre en ligne<\/span><\/h3>\n<div class=\"mkdf-separator-holder clearfix  mkdf-separator-center mkdf-separator-transparent\">\n\t<div class=\"mkdf-separator\" ><\/div>\n<\/div>\n\n<\/div>\n<div>\n<div class=\"ikI9Q\" data-hook=\"data\">\n<div class=\"_1eQE1\" data-hook=\"name\">Cours intensif de fran\u00e7ais A1 de 3 mois &#8211; institution <a href=\"https:\/\/alice.ch\/en\/services\/eduqua\/\"><span style=\"color: #ff0000;\">Certifi\u00e9e EduQua<\/span><\/a><\/div>\n<div data-hook=\"name\"><div class=\"mkdf-separator-holder clearfix  mkdf-separator-center mkdf-separator-transparent\">\n\t<div class=\"mkdf-separator\" ><\/div>\n<\/div>\n<\/div>\n<div data-hook=\"name\"><\/div>\n<div class=\"_2u1Io lddYb \" data-hook=\"root\">\n<div class=\"_1NIFQ\" data-hook=\"first-quantity\"><strong>CHF 699.-<\/strong><\/div>\n<div data-hook=\"first-quantity\"><div class=\"mkdf-separator-holder clearfix  mkdf-separator-center mkdf-separator-transparent\">\n\t<div class=\"mkdf-separator\" ><\/div>\n<\/div>\n<\/div>\n<div data-hook=\"first-quantity\">\n<hr>\n<\/div>\n<div data-hook=\"first-quantity\"><\/div>\n<\/div>\n<\/div>\n<div data-hook=\"first-quantity\">\n<div data-hook=\"dates-range\"><div class=\"mkdf-separator-holder clearfix  mkdf-separator-center mkdf-separator-transparent\">\n\t<div class=\"mkdf-separator\" ><\/div>\n<\/div>\n<\/div>\n<div data-hook=\"dates-range\">D\u00e9but : Septembre \/ d\u00e9cembre, chaque ann\u00e9e<\/div>\n<div data-hook=\"dates-range\">Fin : d\u00e9cembre \/ avril, chaque ann\u00e9e<\/div>\n<div data-hook=\"course-frequency-title\">A lieu une fois par semaine, soit 10 s\u00e9ances au total.<\/div>\n<\/div>\n<div data-hook=\"course-frequency-title\">Tous les mat\u00e9riaux sont inclus dans le prix<\/div>\n<div data-hook=\"course-frequency-title\">Le cours a lieu au Flex Office, Route de Meyrin 123, Gen\u00e8ve.<\/div>\n<div data-hook=\"course-frequency-title\"><div class=\"mkdf-separator-holder clearfix  mkdf-separator-center mkdf-separator-transparent\">\n\t<div class=\"mkdf-separator\" ><\/div>\n<\/div>\n<\/div>\n<div data-hook=\"course-frequency-title\">\n<hr>\n<\/div>\n<\/div>\n<div data-hook=\"course-frequency-title\"><div class=\"mkdf-separator-holder clearfix  mkdf-separator-center mkdf-separator-transparent\">\n\t<div class=\"mkdf-separator\" ><\/div>\n<\/div>\n<\/div>\n<div data-hook=\"course-frequency-title\">Les mardis : 18h00 &#8211; 20h00<\/div>\n<div class=\"mkdf-separator-holder clearfix  mkdf-separator-center mkdf-separator-transparent\">\n\t<div class=\"mkdf-separator\" ><\/div>\n<\/div>\n\n<hr>\n<div class=\"mkdf-separator-holder clearfix  mkdf-separator-center mkdf-separator-transparent\">\n\t<div class=\"mkdf-separator\" ><\/div>\n<\/div>\n\n<p>Dans ce cours, vous apprendrez :<\/p>\n<ul>\n<li>Les bases du vocabulaire et de la grammaire fran\u00e7aise<\/li>\n<li>Pr\u00e9sentez-vous \u00e0 quelqu&rsquo;un<\/li>\n<li>Faire du shopping<\/li>\n<li>Parler de diff\u00e9rentes activit\u00e9s et loisirs<\/li>\n<li>Parlez de votre famille et de vos amis<\/li>\n<li>Chercher un nouvel appartement, etc.<br \/>\n<div class=\"mkdf-separator-holder clearfix  mkdf-separator-center mkdf-separator-transparent\">\n\t<div class=\"mkdf-separator\" ><\/div>\n<\/div>\n<\/li>\n<\/ul>\n<hr>\n<div class=\"mkdf-separator-holder clearfix  mkdf-separator-center mkdf-separator-transparent\">\n\t<div class=\"mkdf-separator\" ><\/div>\n<\/div>\n\n<p>\u00c0 la fin du cours, vous obtiendrez un <strong>certificat de langue reconnu.<\/strong><\/p>\n","protected":false},"excerpt":{"rendered":"<p>Le fran\u00e7ais pour les d\u00e9butants ! Apprenez les bases du fran\u00e7ais dans un groupe de 3 \u00e0 7 personnes avec des formateurs qualifi\u00e9s FSEA. Livre en ligne Cours intensif de fran\u00e7ais A1 de 3 mois &#8211; institution Certifi\u00e9e EduQua CHF 699.- D\u00e9but : Septembre \/&#8230;<\/p>\n","protected":false},"featured_media":6944,"template":"","meta":{"_price":"799","_stock":"","_tribe_ticket_header":"","_tribe_default_ticket_provider":"","_tribe_ticket_capacity":"10","_ticket_start_date":"","_ticket_end_date":"","_tribe_ticket_show_description":"","_tribe_ticket_show_not_going":false,"_tribe_ticket_use_global_stock":"","_tribe_ticket_global_stock_level":"","_global_stock_mode":"","_global_stock_cap":"","_tribe_rsvp_for_event":"","_tribe_ticket_going_count":"","_tribe_ticket_not_going_count":"","_tribe_tickets_list":"[]","_tribe_ticket_has_attendee_info_fields":false},"product_brand":[],"product_cat":[255],"product_tag":[],"class_list":{"0":"post-7743","1":"product","2":"type-product","3":"status-publish","4":"has-post-thumbnail","6":"product_cat-cours-de-groupe","8":"first","9":"instock","10":"virtual","11":"purchasable","12":"product-type-simple"},"_links":{"self":[{"href":"https:\/\/ltg-academy.ch\/fr\/wp-json\/wp\/v2\/product\/7743","targetHints":{"allow":["GET"]}}],"collection":[{"href":"https:\/\/ltg-academy.ch\/fr\/wp-json\/wp\/v2\/product"}],"about":[{"href":"https:\/\/ltg-academy.ch\/fr\/wp-json\/wp\/v2\/types\/product"}],"wp:featuredmedia":[{"embeddable":true,"href":"https:\/\/ltg-academy.ch\/fr\/wp-json\/wp\/v2\/media\/6944"}],"wp:attachment":[{"href":"https:\/\/ltg-academy.ch\/fr\/wp-json\/wp\/v2\/media?parent=7743"}],"wp:term":[{"taxonomy":"product_brand","embeddable":true,"href":"https:\/\/ltg-academy.ch\/fr\/wp-json\/wp\/v2\/product_brand?post=7743"},{"taxonomy":"product_cat","embeddable":true,"href":"https:\/\/ltg-academy.ch\/fr\/wp-json\/wp\/v2\/product_cat?post=7743"},{"taxonomy":"product_tag","embeddable":true,"href":"https:\/\/ltg-academy.ch\/fr\/wp-json\/wp\/v2\/product_tag?post=7743"}],"curies":[{"name":"wp","href":"https:\/\/api.w.org\/{rel}","templated":true}]}}

Cours intensif de français A1 de 3 mois à Genève

<p><strong>Le français pour les débutants !</strong></p>
<div class="mkdf-separator-holder clearfix  mkdf-separator-center mkdf-separator-transparent">
	<div class="mkdf-separator" ></div>
</div>

<p>Apprenez les bases du français dans un groupe de 3 à 7 personnes avec des formateurs qualifiés FSEA.</p>
<div class="mkdf-separator-holder clearfix  mkdf-separator-center mkdf-separator-transparent">
	<div class="mkdf-separator" ></div>
</div>

<div class="_3q1tn" data-hook="title-container">
<h3 data-hook="title"><span style="color: #ff0000;">Livre en ligne</span></h3>
<div class="mkdf-separator-holder clearfix  mkdf-separator-center mkdf-separator-transparent">
	<div class="mkdf-separator" ></div>
</div>

</div>
<div>
<div class="ikI9Q" data-hook="data">
<div class="_1eQE1" data-hook="name">Cours intensif de français A1 de 3 mois &#8211; institution <a href="https://alice.ch/en/services/eduqua/"><span style="color: #ff0000;">Certifiée EduQua</span></a></div>
<div data-hook="name"><div class="mkdf-separator-holder clearfix  mkdf-separator-center mkdf-separator-transparent">
	<div class="mkdf-separator" ></div>
</div>
</div>
<div data-hook="name"></div>
<div class="_2u1Io lddYb " data-hook="root">
<div class="_1NIFQ" data-hook="first-quantity"><strong>CHF 699.-</strong></div>
<div data-hook="first-quantity"><div class="mkdf-separator-holder clearfix  mkdf-separator-center mkdf-separator-transparent">
	<div class="mkdf-separator" ></div>
</div>
</div>
<div data-hook="first-quantity">
<hr>
</div>
<div data-hook="first-quantity"></div>
</div>
</div>
<div data-hook="first-quantity">
<div data-hook="dates-range"><div class="mkdf-separator-holder clearfix  mkdf-separator-center mkdf-separator-transparent">
	<div class="mkdf-separator" ></div>
</div>
</div>
<div data-hook="dates-range">Début : Septembre / décembre, chaque année</div>
<div data-hook="dates-range">Fin : décembre / avril, chaque année</div>
<div data-hook="course-frequency-title">A lieu une fois par semaine, soit 10 séances au total.</div>
</div>
<div data-hook="course-frequency-title">Tous les matériaux sont inclus dans le prix</div>
<div data-hook="course-frequency-title">Le cours a lieu au Flex Office, Route de Meyrin 123, Genève.</div>
<div data-hook="course-frequency-title"><div class="mkdf-separator-holder clearfix  mkdf-separator-center mkdf-separator-transparent">
	<div class="mkdf-separator" ></div>
</div>
</div>
<div data-hook="course-frequency-title">
<hr>
</div>
</div>
<div data-hook="course-frequency-title"><div class="mkdf-separator-holder clearfix  mkdf-separator-center mkdf-separator-transparent">
	<div class="mkdf-separator" ></div>
</div>
</div>
<div data-hook="course-frequency-title">Les mardis : 18h00 &#8211; 20h00</div>
<div class="mkdf-separator-holder clearfix  mkdf-separator-center mkdf-separator-transparent">
	<div class="mkdf-separator" ></div>
</div>

<hr>
<div class="mkdf-separator-holder clearfix  mkdf-separator-center mkdf-separator-transparent">
	<div class="mkdf-separator" ></div>
</div>

<p>Dans ce cours, vous apprendrez :</p>
<ul>
<li>Les bases du vocabulaire et de la grammaire française</li>
<li>Présentez-vous à quelqu&rsquo;un</li>
<li>Faire du shopping</li>
<li>Parler de différentes activités et loisirs</li>
<li>Parlez de votre famille et de vos amis</li>
<li>Chercher un nouvel appartement, etc.<br />
<div class="mkdf-separator-holder clearfix  mkdf-separator-center mkdf-separator-transparent">
	<div class="mkdf-separator" ></div>
</div>
</li>
</ul>
<hr>
<div class="mkdf-separator-holder clearfix  mkdf-separator-center mkdf-separator-transparent">
	<div class="mkdf-separator" ></div>
</div>

<p>À la fin du cours, vous obtiendrez un <strong>certificat de langue reconnu.</strong></p>

<p>Le français pour les débutants ! Apprenez les bases du français dans un groupe de 3 à 7 personnes avec des formateurs qualifiés FSEA. Livre en ligne Cours intensif de français A1 de 3 mois &#8211; institution Certifiée EduQua CHF 699.- Début : Septembre /&#8230;</p>
